CRAN Package Check Results for Package OpenLand

Last updated on 2021-11-30 12:53:39 CET.

Flavor Version Tinstall Tcheck Ttotal Status Flags
r-devel-linux-x86_64-debian-clang 1.0.2 28.20 335.94 364.14 OK
r-devel-linux-x86_64-debian-gcc 1.0.2 22.74 251.19 273.93 OK
r-devel-linux-x86_64-fedora-clang 1.0.2 441.11 OK
r-devel-linux-x86_64-fedora-gcc 1.0.2 445.89 OK
r-devel-windows-x86_64-new-UL 1.0.2 48.00 385.00 433.00 OK
r-devel-windows-x86_64-new-TK 1.0.2 OK
r-devel-windows-x86_64-old 1.0.2 44.00 224.00 268.00 OK
r-patched-linux-x86_64 1.0.2 28.14 318.17 346.31 OK
r-patched-solaris-x86 1.0.2 617.60 WARN
r-release-linux-x86_64 1.0.2 23.18 320.00 343.18 OK
r-release-macos-arm64 1.0.2 OK
r-release-macos-x86_64 1.0.2 OK
r-release-windows-ix86+x86_64 1.0.2 65.00 305.00 370.00 OK
r-oldrel-macos-x86_64 1.0.2 OK
r-oldrel-windows-ix86+x86_64 1.0.2 47.00 303.00 350.00 OK

Check Details

Version: 1.0.2
Check: re-building of vignette outputs
Result: WARN
    Error(s) in re-building vignettes:
     ...
    --- re-building ‘openland_vignette.Rmd’ using rmarkdown
    Pandoc is required to build R Markdown vignettes but not available. Please make sure it is installed.
    trying URL 'https://zenodo.org/record/3685230/files/SaoLourencoBasin.rda?download=1'
    Content type 'application/octet-stream' length 5309066 bytes (5.1 MB)
    ==================================================
    downloaded 5.1 MB
    
    Quitting from lines 275-280 (openland_vignette.Rmd)
    Error: processing vignette 'openland_vignette.Rmd' failed with diagnostics:
    there is no package called 'webshot'
    --- failed re-building ‘openland_vignette.Rmd’
    
    SUMMARY: processing the following file failed:
     ‘openland_vignette.Rmd’
    
    Error: Vignette re-building failed.
    Execution halted
Flavor: r-patched-solaris-x86