CRAN Package Check Results for Package Omisc

Last updated on 2023-03-31 21:53:10 CEST.

Flavor Version Tinstall Tcheck Ttotal Status Flags
r-devel-linux-x86_64-debian-clang 0.1.5 3.41 56.75 60.16 OK
r-devel-linux-x86_64-debian-gcc 0.1.5 3.18 44.07 47.25 OK
r-devel-linux-x86_64-fedora-clang 0.1.5 76.39 NOTE
r-devel-linux-x86_64-fedora-gcc 0.1.5 77.59 NOTE
r-devel-windows-x86_64 0.1.5 29.00 0.00 29.00 OK
r-patched-linux-x86_64 0.1.5 4.30 55.50 59.80 OK
r-release-linux-x86_64 0.1.5 3.23 56.00 59.23 OK
r-release-macos-arm64 0.1.5 27.00 NOTE
r-release-macos-x86_64 0.1.5 34.00 NOTE
r-release-windows-x86_64 0.1.5 21.00 103.00 124.00 OK
r-oldrel-macos-arm64 0.1.5 30.00 NOTE
r-oldrel-macos-x86_64 0.1.5 36.00 NOTE
r-oldrel-windows-ix86+x86_64 0.1.5 10.00 89.00 99.00 OK

Check Details

Version: 0.1.5
Check: dependencies in R code
Result: NOTE
    Namespace in Imports field not imported from: ‘base’
     All declared Imports should be used.
Flavors: r-devel-linux-x86_64-fedora-clang, r-devel-linux-x86_64-fedora-gcc, r-release-macos-arm64, r-release-macos-x86_64, r-oldrel-macos-arm64, r-oldrel-macos-x86_64