Last updated on 2025-07-23 12:54:17 CEST.
Flavor | Version | Tinstall | Tcheck | Ttotal | Status | Flags |
---|---|---|---|---|---|---|
r-devel-linux-x86_64-debian-clang | 1.1.1 | 5.86 | 209.19 | 215.05 | OK | |
r-devel-linux-x86_64-debian-gcc | 1.1.1 | 4.27 | 153.05 | 157.32 | OK | |
r-devel-linux-x86_64-fedora-clang | 1.1.1 | 406.97 | OK | |||
r-devel-linux-x86_64-fedora-gcc | 1.1.1 | 386.86 | OK | |||
r-devel-windows-x86_64 | 1.1.1 | 9.00 | 217.00 | 226.00 | OK | |
r-patched-linux-x86_64 | 1.1.1 | 7.40 | 200.68 | 208.08 | OK | |
r-release-linux-x86_64 | 1.1.1 | 5.89 | 203.66 | 209.55 | OK | |
r-release-macos-arm64 | 1.1.1 | 35.00 | ERROR | |||
r-release-macos-x86_64 | 1.1.1 | 66.00 | ERROR | |||
r-release-windows-x86_64 | 1.1.1 | 8.00 | 214.00 | 222.00 | OK | |
r-oldrel-macos-arm64 | 1.1.1 | 48.00 | ERROR | |||
r-oldrel-macos-x86_64 | 1.1.1 | 69.00 | ERROR | |||
r-oldrel-windows-x86_64 | 1.1.1 | 10.00 | 268.00 | 278.00 | OK |
Version: 1.1.1
Check: tests
Result: ERROR
Running ‘testthat.R’ [4s/3s]
Running the tests in ‘tests/testthat.R’ failed.
Complete output:
> library(testthat)
> test_check("OhdsiReportGenerator")
Loading required package: OhdsiReportGenerator
Connecting using SQLite driver
[ FAIL 3 | WARN 2 | SKIP 2 | PASS 417 ]
══ Skipped tests (2) ═══════════════════════════════════════════════════════════
• empty test (1): 'test-Helpers.R:89:1'
• skip prediction report due to odd linux error (1):
'test-PredictionReport.R:5:3'
══ Failed tests ════════════════════════════════════════════════════════════════
── Error ('test-Backwards.R:9:5'): generatePresentationMultiple old works ──────
Error in `testthat::skip_on_cran("Quarto not found so skipping old generate presentation multiple")`: unused argument ("Quarto not found so skipping old generate presentation multiple")
── Error ('test-Generate.R:8:5'): generatePresentation ─────────────────────────
Error in `testthat::skip_on_cran("Quarto not found so skipping generate presentation")`: unused argument ("Quarto not found so skipping generate presentation")
── Error ('test-Generate.R:64:5'): generateFullReport ──────────────────────────
Error in `testthat::skip_on_cran("Quarto not found so skipping generate full report")`: unused argument ("Quarto not found so skipping generate full report")
[ FAIL 3 | WARN 2 | SKIP 2 | PASS 417 ]
Error: Test failures
Execution halted
Closing database connection
Flavor: r-release-macos-arm64
Version: 1.1.1
Check: tests
Result: ERROR
Running ‘testthat.R’ [9s/7s]
Running the tests in ‘tests/testthat.R’ failed.
Complete output:
> library(testthat)
> test_check("OhdsiReportGenerator")
Loading required package: OhdsiReportGenerator
Connecting using SQLite driver
[ FAIL 3 | WARN 2 | SKIP 2 | PASS 417 ]
══ Skipped tests (2) ═══════════════════════════════════════════════════════════
• empty test (1): 'test-Helpers.R:89:1'
• skip prediction report due to odd linux error (1):
'test-PredictionReport.R:5:3'
══ Failed tests ════════════════════════════════════════════════════════════════
── Error ('test-Backwards.R:9:5'): generatePresentationMultiple old works ──────
Error in `testthat::skip_on_cran("Quarto not found so skipping old generate presentation multiple")`: unused argument ("Quarto not found so skipping old generate presentation multiple")
── Error ('test-Generate.R:8:5'): generatePresentation ─────────────────────────
Error in `testthat::skip_on_cran("Quarto not found so skipping generate presentation")`: unused argument ("Quarto not found so skipping generate presentation")
── Error ('test-Generate.R:64:5'): generateFullReport ──────────────────────────
Error in `testthat::skip_on_cran("Quarto not found so skipping generate full report")`: unused argument ("Quarto not found so skipping generate full report")
[ FAIL 3 | WARN 2 | SKIP 2 | PASS 417 ]
Error: Test failures
Execution halted
Closing database connection
Flavor: r-release-macos-x86_64
Version: 1.1.1
Check: tests
Result: ERROR
Running ‘testthat.R’ [5s/4s]
Running the tests in ‘tests/testthat.R’ failed.
Complete output:
> library(testthat)
> test_check("OhdsiReportGenerator")
Loading required package: OhdsiReportGenerator
Connecting using SQLite driver
[ FAIL 3 | WARN 2 | SKIP 2 | PASS 417 ]
══ Skipped tests (2) ═══════════════════════════════════════════════════════════
• empty test (1): 'test-Helpers.R:89:1'
• skip prediction report due to odd linux error (1):
'test-PredictionReport.R:5:3'
══ Failed tests ════════════════════════════════════════════════════════════════
── Error ('test-Backwards.R:9:5'): generatePresentationMultiple old works ──────
Error in `testthat::skip_on_cran("Quarto not found so skipping old generate presentation multiple")`: unused argument ("Quarto not found so skipping old generate presentation multiple")
── Error ('test-Generate.R:8:5'): generatePresentation ─────────────────────────
Error in `testthat::skip_on_cran("Quarto not found so skipping generate presentation")`: unused argument ("Quarto not found so skipping generate presentation")
── Error ('test-Generate.R:64:5'): generateFullReport ──────────────────────────
Error in `testthat::skip_on_cran("Quarto not found so skipping generate full report")`: unused argument ("Quarto not found so skipping generate full report")
[ FAIL 3 | WARN 2 | SKIP 2 | PASS 417 ]
Error: Test failures
Execution halted
Closing database connection
Flavor: r-oldrel-macos-arm64
Version: 1.1.1
Check: tests
Result: ERROR
Running ‘testthat.R’ [8s/7s]
Running the tests in ‘tests/testthat.R’ failed.
Complete output:
> library(testthat)
> test_check("OhdsiReportGenerator")
Loading required package: OhdsiReportGenerator
Connecting using SQLite driver
[ FAIL 3 | WARN 2 | SKIP 2 | PASS 417 ]
══ Skipped tests (2) ═══════════════════════════════════════════════════════════
• empty test (1): 'test-Helpers.R:89:1'
• skip prediction report due to odd linux error (1):
'test-PredictionReport.R:5:3'
══ Failed tests ════════════════════════════════════════════════════════════════
── Error ('test-Backwards.R:9:5'): generatePresentationMultiple old works ──────
Error in `testthat::skip_on_cran("Quarto not found so skipping old generate presentation multiple")`: unused argument ("Quarto not found so skipping old generate presentation multiple")
── Error ('test-Generate.R:8:5'): generatePresentation ─────────────────────────
Error in `testthat::skip_on_cran("Quarto not found so skipping generate presentation")`: unused argument ("Quarto not found so skipping generate presentation")
── Error ('test-Generate.R:64:5'): generateFullReport ──────────────────────────
Error in `testthat::skip_on_cran("Quarto not found so skipping generate full report")`: unused argument ("Quarto not found so skipping generate full report")
[ FAIL 3 | WARN 2 | SKIP 2 | PASS 417 ]
Error: Test failures
Execution halted
Closing database connection
Flavor: r-oldrel-macos-x86_64