Last updated on 2025-02-04 03:49:56 CET.
Flavor | Version | Tinstall | Tcheck | Ttotal | Status | Flags |
---|---|---|---|---|---|---|
r-devel-linux-x86_64-debian-clang | 1.0-2 | 4.15 | 33.90 | 38.05 | NOTE | |
r-devel-linux-x86_64-debian-gcc | 1.0-2 | 2.55 | 24.63 | 27.18 | NOTE | |
r-devel-linux-x86_64-fedora-clang | 1.0-2 | 65.11 | NOTE | |||
r-devel-linux-x86_64-fedora-gcc | 1.0-2 | 56.98 | NOTE | |||
r-devel-windows-x86_64 | 1.0-2 | 4.00 | 49.00 | 53.00 | OK | |
r-patched-linux-x86_64 | 1.0-2 | 3.64 | 31.44 | 35.08 | NOTE | |
r-release-linux-x86_64 | 1.0-2 | 3.64 | 31.77 | 35.41 | NOTE | |
r-release-macos-arm64 | 1.0-2 | 19.00 | OK | |||
r-release-macos-x86_64 | 1.0-2 | 27.00 | OK | |||
r-release-windows-x86_64 | 1.0-2 | 5.00 | 48.00 | 53.00 | OK | |
r-oldrel-macos-arm64 | 1.0-2 | 18.00 | OK | |||
r-oldrel-macos-x86_64 | 1.0-2 | 29.00 | OK | |||
r-oldrel-windows-x86_64 | 1.0-2 | 4.00 | 55.00 | 59.00 | OK |
Version: 1.0-2
Check: for non-standard things in the check directory
Result: NOTE
Found the following files/directories:
‘cluster of fitted mean data.eps’ ‘cluster of fitted mean data.txt’
‘cluster of raw data.txt’
Flavors: r-devel-linux-x86_64-debian-clang, r-devel-linux-x86_64-debian-gcc, r-devel-linux-x86_64-fedora-clang, r-devel-linux-x86_64-fedora-gcc, r-patched-linux-x86_64, r-release-linux-x86_64