Last updated on 2024-04-18 21:56:59 CEST.
Flavor | Version | Tinstall | Tcheck | Ttotal | Status | Flags |
---|---|---|---|---|---|---|
r-devel-linux-x86_64-debian-clang | 0.3 | 8.96 | 105.98 | 114.94 | NOTE | |
r-devel-linux-x86_64-debian-gcc | 0.3 | 8.09 | 78.68 | 86.77 | NOTE | |
r-devel-linux-x86_64-fedora-clang | 0.3 | 142.20 | NOTE | |||
r-devel-linux-x86_64-fedora-gcc | 0.3 | 145.26 | NOTE | |||
r-prerel-macos-arm64 | 0.3 | 40.00 | NOTE | |||
r-prerel-windows-x86_64 | 0.3 | 10.00 | 88.00 | 98.00 | NOTE | |
r-patched-linux-x86_64 | 0.3 | 11.05 | 97.10 | 108.15 | NOTE | |
r-release-linux-x86_64 | 0.3 | 11.50 | 99.52 | 111.02 | NOTE | |
r-release-macos-arm64 | 0.3 | 45.00 | NOTE | |||
r-release-macos-x86_64 | 0.3 | 74.00 | NOTE | |||
r-release-windows-x86_64 | 0.3 | 13.00 | 105.00 | 118.00 | NOTE | |
r-oldrel-macos-arm64 | 0.3 | 40.00 | NOTE | |||
r-oldrel-windows-x86_64 | 0.3 | 13.00 | 112.00 | 125.00 | NOTE |
Version: 0.3
Check: LazyData
Result: NOTE
'LazyData' is specified without a 'data' directory
Flavors: r-devel-linux-x86_64-debian-clang, r-devel-linux-x86_64-debian-gcc, r-devel-linux-x86_64-fedora-clang, r-devel-linux-x86_64-fedora-gcc, r-prerel-macos-arm64, r-prerel-windows-x86_64, r-patched-linux-x86_64, r-release-linux-x86_64, r-release-macos-arm64, r-release-macos-x86_64, r-release-windows-x86_64, r-oldrel-macos-arm64, r-oldrel-windows-x86_64
Version: 0.3
Check: dependencies in R code
Result: NOTE
Namespaces in Imports field not imported from:
‘randomForest’ ‘ranger’
All declared Imports should be used.
Flavors: r-devel-linux-x86_64-fedora-clang, r-devel-linux-x86_64-fedora-gcc, r-oldrel-macos-arm64