Last updated on 2024-04-19 03:56:29 CEST.
Flavor | Version | Tinstall | Tcheck | Ttotal | Status | Flags |
---|---|---|---|---|---|---|
r-devel-linux-x86_64-debian-clang | 1.1.2 | 15.54 | 205.79 | 221.33 | NOTE | |
r-devel-linux-x86_64-debian-gcc | 1.1.2 | 11.39 | 149.99 | 161.38 | NOTE | |
r-devel-linux-x86_64-fedora-clang | 1.1.2 | 274.49 | NOTE | |||
r-devel-linux-x86_64-fedora-gcc | 1.1.2 | 289.11 | NOTE | |||
r-prerel-macos-arm64 | 1.1.2 | 83.00 | NOTE | |||
r-prerel-windows-x86_64 | 1.1.2 | 13.00 | 179.00 | 192.00 | NOTE | |
r-patched-linux-x86_64 | 1.1.2 | 20.42 | 197.51 | 217.93 | NOTE | |
r-release-linux-x86_64 | 1.1.2 | 10.11 | 200.26 | 210.37 | OK | |
r-release-macos-arm64 | 1.1.2 | 82.00 | OK | |||
r-release-macos-x86_64 | 1.1.2 | 144.00 | OK | |||
r-release-windows-x86_64 | 1.1.2 | 18.00 | 232.00 | 250.00 | OK | |
r-oldrel-macos-arm64 | 1.1.2 | 54.00 | OK | |||
r-oldrel-windows-x86_64 | 1.1.2 | 19.00 | 232.00 | 251.00 | OK |
Version: 1.1.2
Check: Rd files
Result: NOTE
checkRd: (-1) plot.ODEmorris.Rd:62-63: Lost braces in \itemize; meant \describe ?
checkRd: (-1) plot.ODEmorris.Rd:64-65: Lost braces in \itemize; meant \describe ?
Flavors: r-devel-linux-x86_64-debian-clang, r-devel-linux-x86_64-debian-gcc, r-devel-linux-x86_64-fedora-clang, r-devel-linux-x86_64-fedora-gcc, r-prerel-macos-arm64, r-prerel-windows-x86_64, r-patched-linux-x86_64