Last updated on 2025-02-01 12:48:33 CET.
Flavor | Version | Tinstall | Tcheck | Ttotal | Status | Flags |
---|---|---|---|---|---|---|
r-devel-linux-x86_64-debian-clang | 1.2.1 | 5.42 | 41.66 | 47.08 | NOTE | |
r-devel-linux-x86_64-debian-gcc | 1.2.1 | 3.75 | 30.70 | 34.45 | NOTE | |
r-devel-linux-x86_64-fedora-clang | 1.2.1 | 81.13 | OK | |||
r-devel-linux-x86_64-fedora-gcc | 1.2.1 | 71.14 | OK | |||
r-devel-windows-x86_64 | 1.2.1 | 6.00 | 69.00 | 75.00 | NOTE | |
r-patched-linux-x86_64 | 1.2.1 | 5.78 | 39.41 | 45.19 | OK | |
r-release-linux-x86_64 | 1.2.1 | 4.49 | 39.55 | 44.04 | OK | |
r-release-macos-arm64 | 1.2.1 | 29.00 | OK | |||
r-release-macos-x86_64 | 1.2.1 | 40.00 | OK | |||
r-release-windows-x86_64 | 1.2.1 | 6.00 | 67.00 | 73.00 | OK | |
r-oldrel-macos-arm64 | 1.2.1 | 30.00 | OK | |||
r-oldrel-macos-x86_64 | 1.2.1 | 43.00 | OK | |||
r-oldrel-windows-x86_64 | 1.2.1 | 8.00 | 89.00 | 97.00 | OK |
Version: 1.2.1
Check: Rd cross-references
Result: NOTE
Found the following Rd file(s) with Rd \link{} targets missing package
anchors:
ODB-class.Rd: JDBCConnection-class, DBIConnection-class,
DBIObject-class
isClosed.Rd: dbConnect, dbDisconnect
odb.tables.Rd: dbColumnInfo
Please provide package anchors for all Rd \link{} targets not in the
package itself and the base packages.
Flavors: r-devel-linux-x86_64-debian-clang, r-devel-linux-x86_64-debian-gcc, r-devel-windows-x86_64