CRAN Package Check Results for Package OCNet

Last updated on 2024-06-14 02:54:10 CEST.

Flavor Version Tinstall Tcheck Ttotal Status Flags
r-devel-linux-x86_64-debian-clang 1.2.2 101.16 570.83 671.99 OK
r-devel-linux-x86_64-debian-gcc 1.2.2 0.43 1.77 2.20 ERROR
r-devel-linux-x86_64-fedora-clang 1.2.2 831.54 OK
r-devel-linux-x86_64-fedora-gcc 1.2.2 797.26 OK
r-devel-windows-x86_64 1.2.2 81.00 358.00 439.00 OK
r-patched-linux-x86_64 1.2.2 86.79 530.70 617.49 OK
r-release-linux-x86_64 1.2.2 89.61 528.73 618.34 OK
r-release-macos-arm64 1.2.2 154.00 NOTE
r-release-macos-x86_64 1.2.2 317.00 NOTE
r-release-windows-x86_64 1.2.2 80.00 362.00 442.00 OK
r-oldrel-macos-arm64 1.2.2 189.00 NOTE
r-oldrel-macos-x86_64 1.2.2 297.00 NOTE
r-oldrel-windows-x86_64 1.2.2 105.00 498.00 603.00 NOTE

Check Details

Version: 1.2.2
Check: package dependencies
Result: ERROR Packages required but not available: 'igraph', 'adespatial' See section ‘The DESCRIPTION file’ in the ‘Writing R Extensions’ manual. Flavor: r-devel-linux-x86_64-debian-gcc

Version: 1.2.2
Check: installed package size
Result: NOTE installed size is 5.9Mb sub-directories of 1Mb or more: data 2.6Mb libs 1.9Mb Flavors: r-release-macos-arm64, r-release-macos-x86_64, r-oldrel-macos-arm64, r-oldrel-macos-x86_64, r-oldrel-windows-x86_64