CRAN Package Check Results for Package OBMbpkg

Last updated on 2025-02-04 03:49:55 CET.

Flavor Version Tinstall Tcheck Ttotal Status Flags
r-devel-linux-x86_64-debian-clang 1.0.0 1.65 15.82 17.47 NOTE
r-devel-linux-x86_64-debian-gcc 1.0.0 1.38 13.62 15.00 NOTE
r-devel-linux-x86_64-fedora-clang 1.0.0 30.48 NOTE
r-devel-linux-x86_64-fedora-gcc 1.0.0 27.33 NOTE
r-devel-windows-x86_64 1.0.0 2.00 38.00 40.00 NOTE
r-patched-linux-x86_64 1.0.0 1.61 15.42 17.03 NOTE
r-release-linux-x86_64 1.0.0 1.46 15.30 16.76 NOTE
r-release-macos-arm64 1.0.0 13.00 NOTE
r-release-macos-x86_64 1.0.0 26.00 NOTE
r-release-windows-x86_64 1.0.0 3.00 35.00 38.00 NOTE
r-oldrel-macos-arm64 1.0.0 14.00 NOTE
r-oldrel-macos-x86_64 1.0.0 17.00 NOTE
r-oldrel-windows-x86_64 1.0.0 3.00 35.00 38.00 NOTE

Check Details

Version: 1.0.0
Check: Rd files
Result: NOTE checkRd: (-1) OBMb.Rd:28: Lost braces in \itemize; \value handles \item{}{} directly checkRd: (-1) OBMb.Rd:29: Lost braces in \itemize; \value handles \item{}{} directly checkRd: (-1) OBMb.Rd:30: Lost braces in \itemize; \value handles \item{}{} directly checkRd: (-1) OBMb.Rd:31: Lost braces in \itemize; \value handles \item{}{} directly checkRd: (-1) OBMb.Rd:32: Lost braces in \itemize; \value handles \item{}{} directly checkRd: (-1) OBMb.Rd:33: Lost braces in \itemize; \value handles \item{}{} directly Flavors: r-devel-linux-x86_64-debian-clang, r-devel-linux-x86_64-debian-gcc, r-devel-linux-x86_64-fedora-clang, r-devel-linux-x86_64-fedora-gcc, r-devel-windows-x86_64, r-patched-linux-x86_64, r-release-linux-x86_64, r-release-macos-arm64, r-release-macos-x86_64, r-release-windows-x86_64

Version: 1.0.0
Check: LazyData
Result: NOTE 'LazyData' is specified without a 'data' directory Flavors: r-patched-linux-x86_64, r-release-linux-x86_64, r-release-macos-arm64, r-release-macos-x86_64, r-release-windows-x86_64, r-oldrel-macos-arm64, r-oldrel-macos-x86_64, r-oldrel-windows-x86_64