CRAN Package Check Results for Package NonProbEst

Last updated on 2023-09-23 21:52:51 CEST.

Flavor Version Tinstall Tcheck Ttotal Status Flags
r-devel-linux-x86_64-debian-clang 0.2.4 15.45 163.95 179.40 OK
r-devel-linux-x86_64-debian-gcc 0.2.4 13.72 132.81 146.53 OK
r-devel-linux-x86_64-fedora-clang 0.2.4 214.96 NOTE
r-devel-linux-x86_64-fedora-gcc 0.2.4 218.59 NOTE
r-devel-windows-x86_64 0.2.4 14.00 139.00 153.00 OK
r-patched-linux-x86_64 0.2.4 10.56 157.52 168.08 OK
r-release-linux-x86_64 0.2.4 10.65 156.26 166.91 OK
r-release-macos-arm64 0.2.4 66.00 OK
r-release-macos-x86_64 0.2.4 116.00 OK
r-release-windows-x86_64 0.2.4 21.00 165.00 186.00 OK
r-oldrel-macos-arm64 0.2.4 63.00 NOTE
r-oldrel-macos-x86_64 0.2.4 109.00 NOTE
r-oldrel-windows-x86_64 0.2.4 19.00 165.00 184.00 OK

Check Details

Version: 0.2.4
Check: dependencies in R code
Result: NOTE
    Namespaces in Imports field not imported from:
     ‘Matrix’ ‘e1071’ ‘glmnet’
     All declared Imports should be used.
Flavors: r-devel-linux-x86_64-fedora-clang, r-devel-linux-x86_64-fedora-gcc, r-oldrel-macos-arm64, r-oldrel-macos-x86_64