CRAN Package Check Results for Package NlcOptim

Last updated on 2023-02-02 21:50:12 CET.

Flavor Version Tinstall Tcheck Ttotal Status Flags
r-devel-linux-x86_64-debian-clang 0.6 4.48 28.65 33.13 NOTE
r-devel-linux-x86_64-debian-gcc 0.6 3.20 22.09 25.29 NOTE
r-devel-linux-x86_64-fedora-clang 0.6 40.77 NOTE
r-devel-linux-x86_64-fedora-gcc 0.6 42.30 NOTE
r-patched-linux-x86_64 0.6 4.33 27.47 31.80 NOTE
r-release-linux-x86_64 0.6 4.37 28.56 32.93 NOTE
r-release-macos-arm64 0.6 16.00 NOTE
r-release-macos-x86_64 0.6 23.00 NOTE
r-release-windows-x86_64 0.6 7.00 57.00 64.00 NOTE
r-oldrel-macos-arm64 0.6 22.00 NOTE
r-oldrel-macos-x86_64 0.6 30.00 NOTE
r-oldrel-windows-ix86+x86_64 0.6 7.00 52.00 59.00 NOTE

Check Details

Version: 0.6
Check: LazyData
Result: NOTE
     'LazyData' is specified without a 'data' directory
Flavors: r-devel-linux-x86_64-debian-clang, r-devel-linux-x86_64-debian-gcc, r-devel-linux-x86_64-fedora-clang, r-devel-linux-x86_64-fedora-gcc, r-patched-linux-x86_64, r-release-linux-x86_64, r-release-macos-arm64, r-release-macos-x86_64, r-release-windows-x86_64, r-oldrel-macos-arm64, r-oldrel-macos-x86_64, r-oldrel-windows-ix86+x86_64