Last updated on 2024-04-20 03:53:12 CEST.
Flavor | Version | Tinstall | Tcheck | Ttotal | Status | Flags |
---|---|---|---|---|---|---|
r-devel-linux-x86_64-debian-clang | 0.2 | 6.46 | 57.88 | 64.34 | NOTE | |
r-devel-linux-x86_64-debian-gcc | 0.2 | NOTE | ||||
r-devel-linux-x86_64-fedora-clang | 0.2 | 81.09 | NOTE | |||
r-devel-linux-x86_64-fedora-gcc | 0.2 | 78.52 | NOTE | |||
r-prerel-macos-arm64 | 0.2 | 26.00 | NOTE | |||
r-prerel-windows-x86_64 | 0.2 | 7.00 | 65.00 | 72.00 | NOTE | |
r-patched-linux-x86_64 | 0.2 | 4.94 | 54.78 | 59.72 | NOTE | |
r-release-linux-x86_64 | 0.2 | 5.97 | 53.28 | 59.25 | NOTE | |
r-release-macos-arm64 | 0.2 | 28.00 | NOTE | |||
r-release-macos-x86_64 | 0.2 | 43.00 | NOTE | |||
r-release-windows-x86_64 | 0.2 | 8.00 | 69.00 | 77.00 | NOTE | |
r-oldrel-macos-arm64 | 0.2 | 22.00 | NOTE | |||
r-oldrel-windows-x86_64 | 0.2 | 8.00 | 76.00 | 84.00 | NOTE |
Version: 0.2
Check: package dependencies
Result: NOTE
Package which this enhances but not available for checking: ‘jpndistrict’
Flavors: r-devel-linux-x86_64-debian-clang, r-devel-linux-x86_64-debian-gcc, r-devel-linux-x86_64-fedora-clang, r-devel-linux-x86_64-fedora-gcc, r-prerel-macos-arm64, r-prerel-windows-x86_64, r-patched-linux-x86_64, r-release-linux-x86_64, r-release-macos-arm64, r-release-macos-x86_64, r-release-windows-x86_64, r-oldrel-macos-arm64, r-oldrel-windows-x86_64
Version: 0.2
Check: Rd cross-references
Result: NOTE
Undeclared packages ‘cshapes’, ‘mapdata’ in Rd xrefs
Flavor: r-devel-linux-x86_64-fedora-clang