Last updated on 2023-09-23 11:50:23 CEST.
Flavor | Version | Tinstall | Tcheck | Ttotal | Status | Flags |
---|---|---|---|---|---|---|
r-devel-linux-x86_64-debian-clang | 0.3.4 | 75.32 | 130.59 | 205.91 | NOTE | |
r-devel-linux-x86_64-debian-gcc | 0.3.4 | 50.12 | 110.44 | 160.56 | NOTE | |
r-devel-linux-x86_64-fedora-clang | 0.3.4 | 264.95 | NOTE | |||
r-devel-linux-x86_64-fedora-gcc | 0.3.4 | 284.41 | NOTE | |||
r-devel-windows-x86_64 | 0.3.4 | 55.00 | 149.00 | 204.00 | NOTE | |
r-patched-linux-x86_64 | 0.3.4 | 69.96 | 124.38 | 194.34 | NOTE | |
r-release-linux-x86_64 | 0.3.4 | 64.26 | 125.11 | 189.37 | NOTE | |
r-release-macos-arm64 | 0.3.4 | 81.00 | NOTE | |||
r-release-macos-x86_64 | 0.3.4 | 125.00 | NOTE | |||
r-release-windows-x86_64 | 0.3.4 | 68.00 | 157.00 | 225.00 | NOTE | |
r-oldrel-macos-arm64 | 0.3.4 | 66.00 | OK | |||
r-oldrel-macos-x86_64 | 0.3.4 | 89.00 | OK | |||
r-oldrel-windows-x86_64 | 0.3.4 | 66.00 | 149.00 | 215.00 | OK |
Version: 0.3.4
Check: C++ specification
Result: NOTE
Specified C++11: please drop specification unless essential
Flavors: r-devel-linux-x86_64-debian-clang, r-devel-linux-x86_64-debian-gcc, r-devel-linux-x86_64-fedora-clang, r-devel-linux-x86_64-fedora-gcc, r-devel-windows-x86_64, r-patched-linux-x86_64, r-release-linux-x86_64, r-release-macos-arm64, r-release-macos-x86_64, r-release-windows-x86_64