Last updated on 2023-03-28 21:54:03 CEST.
Flavor | Version | Tinstall | Tcheck | Ttotal | Status | Flags |
---|---|---|---|---|---|---|
r-devel-linux-x86_64-debian-clang | 1.2.6 | 146.12 | 148.98 | 295.10 | NOTE | |
r-devel-linux-x86_64-debian-gcc | 1.2.6 | 133.49 | 114.07 | 247.56 | NOTE | |
r-devel-linux-x86_64-fedora-clang | 1.2.6 | 446.74 | NOTE | |||
r-devel-linux-x86_64-fedora-gcc | 1.2.6 | 433.98 | NOTE | |||
r-devel-windows-x86_64 | 1.2.6 | 179.00 | 207.00 | 386.00 | NOTE | |
r-patched-linux-x86_64 | 1.2.6 | 138.68 | 142.57 | 281.25 | NOTE | |
r-release-linux-x86_64 | 1.2.6 | 145.89 | 157.57 | 303.46 | OK | |
r-release-macos-arm64 | 1.2.6 | 111.00 | NOTE | |||
r-release-macos-x86_64 | 1.2.6 | 133.00 | NOTE | |||
r-release-windows-x86_64 | 1.2.6 | 159.00 | 212.00 | 371.00 | OK | |
r-oldrel-macos-arm64 | 1.2.6 | 102.00 | NOTE | |||
r-oldrel-macos-x86_64 | 1.2.6 | 136.00 | NOTE | |||
r-oldrel-windows-ix86+x86_64 | 1.2.6 | 402.00 | 244.00 | 646.00 | OK |
Version: 1.2.6
Check: C++ specification
Result: NOTE
Specified C++11: please drop specification unless essential
Flavors: r-devel-linux-x86_64-debian-clang, r-devel-linux-x86_64-debian-gcc, r-devel-linux-x86_64-fedora-clang, r-devel-linux-x86_64-fedora-gcc, r-devel-windows-x86_64, r-patched-linux-x86_64
Version: 1.2.6
Check: installed package size
Result: NOTE
installed size is 8.1Mb
sub-directories of 1Mb or more:
doc 1.4Mb
libs 5.7Mb
Flavors: r-release-macos-arm64, r-release-macos-x86_64, r-oldrel-macos-arm64, r-oldrel-macos-x86_64