Last updated on 2023-03-24 12:50:49 CET.
Flavor | Version | Tinstall | Tcheck | Ttotal | Status | Flags |
---|---|---|---|---|---|---|
r-devel-linux-x86_64-debian-clang | 0.2.0.1 | 87.83 | 114.96 | 202.79 | NOTE | |
r-devel-linux-x86_64-debian-gcc | 0.2.0.1 | 64.65 | 84.89 | 149.54 | NOTE | |
r-devel-linux-x86_64-fedora-clang | 0.2.0.1 | 273.84 | NOTE | |||
r-devel-linux-x86_64-fedora-gcc | 0.2.0.1 | 261.96 | NOTE | |||
r-devel-windows-x86_64 | 0.2.0.1 | 77.00 | 173.00 | 250.00 | NOTE | |
r-patched-linux-x86_64 | 0.2.0.1 | 73.41 | 110.35 | 183.76 | OK | |
r-release-linux-x86_64 | 0.2.0.1 | 66.96 | 109.00 | 175.96 | OK | |
r-release-macos-arm64 | 0.2.0.1 | 78.00 | OK | |||
r-release-macos-x86_64 | 0.2.0.1 | 87.00 | OK | |||
r-release-windows-x86_64 | 0.2.0.1 | 75.00 | 187.00 | 262.00 | OK | |
r-oldrel-macos-arm64 | 0.2.0.1 | 77.00 | OK | |||
r-oldrel-macos-x86_64 | 0.2.0.1 | 86.00 | OK | |||
r-oldrel-windows-ix86+x86_64 | 0.2.0.1 | 201.00 | 263.00 | 464.00 | OK |
Version: 0.2.0.1
Check: C++ specification
Result: NOTE
Specified C++11: please drop specification unless essential
Flavors: r-devel-linux-x86_64-debian-clang, r-devel-linux-x86_64-debian-gcc, r-devel-linux-x86_64-fedora-clang, r-devel-linux-x86_64-fedora-gcc, r-devel-windows-x86_64