CRAN Package Check Results for Package NPflow

Last updated on 2022-01-24 12:52:17 CET.

Flavor Version Tinstall Tcheck Ttotal Status Flags
r-devel-linux-x86_64-debian-clang 0.13.3 275.57 137.19 412.76 OK
r-devel-linux-x86_64-debian-gcc 0.13.3 190.24 98.73 288.97 OK
r-devel-linux-x86_64-fedora-clang 0.13.3 593.32 NOTE
r-devel-linux-x86_64-fedora-gcc 0.13.3 529.73 OK
r-devel-windows-x86_64-new-UL 0.13.3 246.00 189.00 435.00 OK
r-devel-windows-x86_64-new-TK 0.13.3 OK
r-patched-linux-x86_64 0.13.3 239.16 125.37 364.53 OK
r-release-linux-x86_64 0.13.3 235.71 125.23 360.94 OK
r-release-macos-arm64 0.13.3 NOTE
r-release-macos-x86_64 0.13.3 NOTE
r-release-windows-ix86+x86_64 0.13.3 659.00 231.00 890.00 OK
r-oldrel-macos-x86_64 0.13.3 NOTE
r-oldrel-windows-ix86+x86_64 0.13.3 657.00 233.00 890.00 OK

Check Details

Version: 0.13.3
Check: installed package size
Result: NOTE
     installed size is 8.0Mb
     sub-directories of 1Mb or more:
     libs 7.3Mb
Flavors: r-devel-linux-x86_64-fedora-clang, r-release-macos-arm64, r-release-macos-x86_64, r-oldrel-macos-x86_64