CRAN Package Check Results for Package NNS

Last updated on 2022-01-18 21:51:40 CET.

Flavor Version Tinstall Tcheck Ttotal Status Flags
r-devel-linux-x86_64-debian-clang 0.8.4.1 27.06 681.48 708.54 OK
r-devel-linux-x86_64-debian-gcc 0.8.4.1 21.80 423.72 445.52 OK
r-devel-linux-x86_64-fedora-clang 0.8.4.1 733.27 OK
r-devel-linux-x86_64-fedora-gcc 0.8.4.1 677.71 OK
r-devel-windows-x86_64-new-UL 0.8.4.1 70.00 550.00 620.00 OK
r-devel-windows-x86_64-new-TK 0.8.4 ERROR
r-patched-linux-x86_64 0.8.4.1 29.43 548.21 577.64 OK
r-release-linux-x86_64 0.8.4.1 OK
r-release-macos-arm64 0.8.4.1 OK
r-release-macos-x86_64 0.8.4.1 OK
r-release-windows-ix86+x86_64 0.8.4.1 50.00 606.00 656.00 OK
r-oldrel-macos-x86_64 0.8.3 OK
r-oldrel-windows-ix86+x86_64 0.8.4.1 51.00 640.00 691.00 OK

Check Details

Version: 0.8.4
Check: package dependencies
Result: ERROR
    Packages required but not available: 'dynlm', 'meboot'
    
    See section 'The DESCRIPTION file' in the 'Writing R Extensions'
    manual.
Flavor: r-devel-windows-x86_64-new-TK