CRAN Package Check Results for Package NMF

Last updated on 2020-05-28 21:48:50 CEST.

Flavor Version Tinstall Tcheck Ttotal Status Flags
r-devel-linux-x86_64-debian-clang 0.22.0 31.83 674.79 706.62 OK
r-devel-linux-x86_64-debian-gcc 0.22.0 25.30 516.77 542.07 OK
r-devel-linux-x86_64-fedora-clang 0.22.0 845.47 NOTE
r-devel-linux-x86_64-fedora-gcc 0.22.0 850.08 NOTE
r-devel-windows-ix86+x86_64 0.22.0 80.00 892.00 972.00 OK
r-patched-linux-x86_64 0.22.0 28.63 664.44 693.07 OK
r-patched-solaris-x86 0.22.0 276.50 ERROR --no-vignettes
r-release-linux-x86_64 0.22.0 31.38 666.06 697.44 OK
r-release-osx-x86_64 0.22.0 NOTE
r-release-windows-ix86+x86_64 0.22.0 57.00 717.00 774.00 OK
r-oldrel-osx-x86_64 0.22.0 NOTE
r-oldrel-windows-ix86+x86_64 0.22.0 48.00 692.00 740.00 OK

Check Details

Version: 0.22.0
Check: dependencies in R code
Result: NOTE
    Namespace in Imports field not imported from: ‘BiocManager’
     All declared Imports should be used.
Flavors: r-devel-linux-x86_64-fedora-clang, r-devel-linux-x86_64-fedora-gcc, r-release-osx-x86_64, r-oldrel-osx-x86_64

Version: 0.22.0
Flags: --no-vignettes
Check: dependencies in R code
Result: NOTE
    Namespace in Imports field not imported from: ‘BiocManager’
     All declared Imports should be used.
Flavor: r-patched-solaris-x86

Version: 0.22.0
Flags: --no-vignettes
Check: examples
Result: ERROR
    Running examples in ‘NMF-Ex.R’ failed
    The error most likely occurred in:
    
    > ### Name: NMFfitX-class
    > ### Title: Virtual Class to Handle Results from Multiple Runs of NMF
    > ### Algorithms
    > ### Aliases: NMFfitX-class
    >
    > ### ** Examples
    >
    > ## Don't show:
    > # roxygen generated flag
    > options(R_CHECK_RUNNING_EXAMPLES_=TRUE)
    > ## End(Don't show)
    >
    > # generate a synthetic dataset with known classes
    > n <- 20; counts <- c(5, 2, 3);
    > V <- syntheticNMF(n, counts)
    >
    > # perform multiple runs of one algorithm (default is to keep only best fit)
    > res <- nmf(V, 3, nrun=3)
    # NOTE - CRAN check detected: limiting maximum number of cores [2/16]
    Error in big.matrix(nrow = nrow(x), ncol = ncol(x), type = type, init = NULL, :
     Error: memory could not be allocated for instance of type big.matrix
    Calls: nmf ... gVariable -> <Anonymous> -> <Anonymous> -> big.matrix
    Timing stopped at: 0.04 0.056 0.889
    Execution halted
Flavor: r-patched-solaris-x86

Version: 0.22.0
Check: package dependencies
Result: NOTE
    Package suggested but not available for checking: ‘doMPI’
Flavors: r-release-osx-x86_64, r-oldrel-osx-x86_64