Last updated on 2024-03-29 12:54:11 CET.
Flavor | Version | Tinstall | Tcheck | Ttotal | Status | Flags |
---|---|---|---|---|---|---|
r-devel-linux-x86_64-debian-clang | 0.2-1 | 3.66 | 39.12 | 42.78 | OK | |
r-devel-linux-x86_64-debian-gcc | 0.2-1 | 2.97 | 29.19 | 32.16 | OK | |
r-devel-linux-x86_64-fedora-clang | 0.2-1 | 53.65 | NOTE | |||
r-devel-linux-x86_64-fedora-gcc | 0.2-1 | 51.73 | OK | |||
r-devel-windows-x86_64 | 0.2-1 | 5.00 | 57.00 | 62.00 | OK | |
r-patched-linux-x86_64 | 0.2-1 | 5.63 | 37.65 | 43.28 | OK | |
r-release-linux-x86_64 | 0.2-1 | 3.60 | 37.42 | 41.02 | OK | |
r-release-macos-arm64 | 0.2-1 | 20.00 | OK | |||
r-release-macos-x86_64 | 0.2-1 | 29.00 | OK | |||
r-release-windows-x86_64 | 0.2-1 | 5.00 | 59.00 | 64.00 | OK | |
r-oldrel-macos-arm64 | 0.2-1 | 20.00 | OK | |||
r-oldrel-windows-x86_64 | 0.2-1 | 19.00 | 63.00 | 82.00 | OK |
Version: 0.2-1
Check: Rd cross-references
Result: NOTE
Undeclared package ‘tm’ in Rd xrefs
Flavor: r-devel-linux-x86_64-fedora-clang