Last updated on 2024-03-28 12:50:40 CET.
Flavor | Version | Tinstall | Tcheck | Ttotal | Status | Flags |
---|---|---|---|---|---|---|
r-devel-linux-x86_64-debian-clang | 0.3.0 | 1.95 | 88.18 | 90.13 | OK | |
r-devel-linux-x86_64-debian-gcc | 0.3.0 | 1.80 | 66.03 | 67.83 | OK | |
r-devel-linux-x86_64-fedora-clang | 0.3.0 | 119.75 | NOTE | |||
r-devel-linux-x86_64-fedora-gcc | 0.3.0 | 124.26 | NOTE | |||
r-devel-windows-x86_64 | 0.3.0 | 3.00 | 87.00 | 90.00 | ERROR | |
r-patched-linux-x86_64 | 0.3.0 | 1.81 | 86.80 | 88.61 | OK | |
r-release-linux-x86_64 | 0.3.0 | 2.26 | 83.92 | 86.18 | OK | |
r-release-macos-arm64 | 0.3.0 | 48.00 | OK | |||
r-release-macos-x86_64 | 0.3.0 | 69.00 | OK | |||
r-release-windows-x86_64 | 0.3.0 | 4.00 | 100.00 | 104.00 | OK | |
r-oldrel-macos-arm64 | 0.3.0 | 32.00 | NOTE | |||
r-oldrel-windows-x86_64 | 0.3.0 | 5.00 | 106.00 | 111.00 | OK |
Version: 0.3.0
Check: dependencies in R code
Result: NOTE
Namespace in Imports field not imported from: ‘tibble’
All declared Imports should be used.
Flavors: r-devel-linux-x86_64-fedora-clang, r-devel-linux-x86_64-fedora-gcc, r-oldrel-macos-arm64
Version: 0.3.0
Check: re-building of vignette outputs
Result: ERROR
Error(s) in re-building vignettes:
--- re-building 'LOS_model.Rmd' using rmarkdown
--- finished re-building 'LOS_model.Rmd'
--- re-building 'ae_attendances.Rmd' using rmarkdown
--- finished re-building 'ae_attendances.Rmd'
--- re-building 'ons_mortality.Rmd' using rmarkdown
--- finished re-building 'ons_mortality.Rmd'
--- re-building 'stranded_model.Rmd' using rmarkdown
--- re-building 'synthetic_news_data.Rmd' using rmarkdown
--- finished re-building 'synthetic_news_data.Rmd'
SUMMARY: processing the following file failed:
'stranded_model.Rmd'
Error: Vignette re-building failed.
Execution halted
Flavor: r-devel-windows-x86_64