Last updated on 2025-05-06 12:49:44 CEST.
Flavor | Version | Tinstall | Tcheck | Ttotal | Status | Flags |
---|---|---|---|---|---|---|
r-devel-linux-x86_64-debian-clang | 1.0.0 | 3.02 | 25.83 | 28.85 | NOTE | |
r-devel-linux-x86_64-debian-gcc | 1.0.0 | 2.29 | 19.45 | 21.74 | NOTE | |
r-devel-linux-x86_64-fedora-clang | 1.0.0 | 43.64 | OK | |||
r-devel-linux-x86_64-fedora-gcc | 1.0.0 | 44.23 | OK | |||
r-devel-windows-x86_64 | 1.0.0 | 7.00 | 66.00 | 73.00 | OK | |
r-patched-linux-x86_64 | 1.0.0 | 4.89 | 24.35 | 29.24 | OK | |
r-release-linux-x86_64 | 1.0.0 | 3.08 | 24.20 | 27.28 | OK | |
r-release-macos-arm64 | 1.0.0 | 20.00 | OK | |||
r-release-macos-x86_64 | 1.0.0 | 31.00 | OK | |||
r-release-windows-x86_64 | 1.0.0 | 8.00 | 67.00 | 75.00 | OK | |
r-oldrel-macos-arm64 | 1.0.0 | 16.00 | OK | |||
r-oldrel-macos-x86_64 | 1.0.0 | 27.00 | OK | |||
r-oldrel-windows-x86_64 | 1.0.0 | 7.00 | 62.00 | 69.00 | OK |
Version: 1.0.0
Check: CRAN incoming feasibility
Result: NOTE
Maintainer: ‘D. Lukke Sweet <dls229@zips.uakron.edu>’
No Authors@R field in DESCRIPTION.
Please add one, modifying
Authors@R: person(given = c("D.", "Lukke"),
family = "Sweet",
role = c("aut", "cre"),
email = "dls229@zips.uakron.edu")
as necessary.
Flavors: r-devel-linux-x86_64-debian-clang, r-devel-linux-x86_64-debian-gcc