Last updated on 2023-03-20 12:51:17 CET.
Flavor | Version | Tinstall | Tcheck | Ttotal | Status | Flags |
---|---|---|---|---|---|---|
r-devel-linux-x86_64-debian-clang | 1.2.1 | OK | ||||
r-devel-linux-x86_64-debian-gcc | 1.2.1 | 3.97 | 83.78 | 87.75 | OK | |
r-devel-linux-x86_64-fedora-clang | 1.2.1 | 125.31 | NOTE | |||
r-devel-linux-x86_64-fedora-gcc | 1.2.1 | 152.46 | NOTE | |||
r-devel-windows-x86_64 | 1.2.1 | 20.00 | 142.00 | 162.00 | OK | |
r-patched-linux-x86_64 | 1.2.1 | 5.54 | 107.30 | 112.84 | OK | |
r-release-linux-x86_64 | 1.2.1 | 5.05 | 107.22 | 112.27 | OK | |
r-release-macos-arm64 | 1.2.1 | 43.00 | NOTE | |||
r-release-macos-x86_64 | 1.2.1 | 54.00 | NOTE | |||
r-release-windows-x86_64 | 1.2.1 | 7.00 | 153.00 | 160.00 | OK | |
r-oldrel-macos-arm64 | 1.2.1 | 41.00 | NOTE | |||
r-oldrel-macos-x86_64 | 1.2.1 | 63.00 | NOTE | |||
r-oldrel-windows-ix86+x86_64 | 1.2.1 | 9.00 | 136.00 | 145.00 | OK |
Version: 1.2.1
Check: dependencies in R code
Result: NOTE
Namespaces in Imports field not imported from:
‘Rdpack’ ‘curl’ ‘mathjaxr’
All declared Imports should be used.
Flavors: r-devel-linux-x86_64-fedora-clang, r-devel-linux-x86_64-fedora-gcc, r-release-macos-arm64, r-release-macos-x86_64, r-oldrel-macos-arm64, r-oldrel-macos-x86_64