Last updated on 2024-04-24 21:54:52 CEST.
Flavor | Version | Tinstall | Tcheck | Ttotal | Status | Flags |
---|---|---|---|---|---|---|
r-devel-linux-x86_64-debian-clang | 0.1.0 | 39.02 | 79.02 | 118.04 | OK | |
r-devel-linux-x86_64-debian-gcc | 0.1.0 | 29.85 | 57.80 | 87.65 | OK | |
r-devel-linux-x86_64-fedora-clang | 0.1.0 | 149.55 | NOTE | |||
r-devel-linux-x86_64-fedora-gcc | 0.1.0 | 168.82 | NOTE | |||
r-devel-windows-x86_64 | 0.1.0 | 31.00 | 95.00 | 126.00 | OK | |
r-patched-linux-x86_64 | 0.1.0 | 31.80 | 77.11 | 108.91 | OK | |
r-release-linux-x86_64 | 0.1.0 | 35.42 | 75.00 | 110.42 | OK | |
r-release-macos-arm64 | 0.1.0 | 54.00 | NOTE | |||
r-release-windows-x86_64 | 0.1.0 | 28.00 | 93.00 | 121.00 | OK | |
r-oldrel-macos-arm64 | 0.1.0 | 39.00 | NOTE | |||
r-oldrel-macos-x86_64 | 0.1.0 | 77.00 | NOTE | |||
r-oldrel-windows-x86_64 | 0.1.0 | 38.00 | 114.00 | 152.00 | OK |
Version: 0.1.0
Check: dependencies in R code
Result: NOTE
Namespaces in Imports field not imported from:
‘MASS’ ‘fields’ ‘mvtnorm’
All declared Imports should be used.
Flavors: r-devel-linux-x86_64-fedora-clang, r-devel-linux-x86_64-fedora-gcc, r-oldrel-macos-arm64
Version: 0.1.0
Check: installed package size
Result: NOTE
installed size is 6.6Mb
sub-directories of 1Mb or more:
data 1.5Mb
libs 4.3Mb
Flavors: r-release-macos-arm64, r-oldrel-macos-arm64, r-oldrel-macos-x86_64