CRAN Package Check Results for Package N2R

Last updated on 2022-11-29 05:53:24 CET.

Flavor Version Tinstall Tcheck Ttotal Status Flags
r-devel-linux-x86_64-debian-clang 1.0.1 74.02 71.51 145.53 NOTE
r-devel-linux-x86_64-debian-gcc 1.0.1 72.41 55.87 128.28 NOTE
r-devel-windows-x86_64 1.0.1 83.00 121.00 204.00 NOTE
r-patched-linux-x86_64 1.0.1 76.65 69.07 145.72 NOTE
r-release-linux-x86_64 1.0.1 77.38 69.58 146.96 NOTE
r-release-macos-arm64 1.0.1 58.00 NOTE
r-release-macos-x86_64 1.0.1 75.00 NOTE
r-release-windows-x86_64 1.0.1 88.00 122.00 210.00 NOTE
r-oldrel-macos-arm64 1.0.1 43.00 NOTE
r-oldrel-macos-x86_64 1.0.1 74.00 NOTE
r-oldrel-windows-ix86+x86_64 1.0.1 226.00 136.00 362.00 NOTE

Check Details

Version: 1.0.1
Check: for GNU extensions in Makefiles
Result: NOTE
    GNU make is a SystemRequirements.
Flavors: r-devel-linux-x86_64-debian-clang, r-devel-linux-x86_64-debian-gcc, r-devel-windows-x86_64, r-patched-linux-x86_64, r-release-linux-x86_64, r-release-macos-arm64, r-release-macos-x86_64, r-release-windows-x86_64, r-oldrel-macos-arm64, r-oldrel-macos-x86_64, r-oldrel-windows-ix86+x86_64

Version: 1.0.1
Check: installed package size
Result: NOTE
     installed size is 5.9Mb
     sub-directories of 1Mb or more:
     libs 5.8Mb
Flavors: r-release-macos-arm64, r-release-macos-x86_64, r-oldrel-macos-arm64, r-oldrel-macos-x86_64