CRAN Package Check Results for Package N2R

Last updated on 2021-12-03 21:50:37 CET.

Flavor Version Tinstall Tcheck Ttotal Status Flags
r-devel-linux-x86_64-debian-clang 1.0.0 90.95 63.42 154.37 NOTE
r-devel-linux-x86_64-debian-gcc 1.0.0 68.93 48.71 117.64 NOTE
r-devel-windows-x86_64-new-UL 1.0.0 119.00 122.00 241.00 NOTE
r-devel-windows-x86_64-new-TK 1.0.0 NOTE
r-devel-windows-x86_64-old 1.0.0 117.00 92.00 209.00 NOTE
r-patched-linux-x86_64 1.0.0 81.88 61.03 142.91 NOTE
r-release-linux-x86_64 1.0.0 75.92 60.63 136.55 NOTE
r-release-macos-arm64 1.0.0 ERROR
r-release-macos-x86_64 1.0.0 NOTE
r-release-windows-ix86+x86_64 1.0.0 217.00 124.00 341.00 NOTE
r-oldrel-macos-x86_64 1.0.0 NOTE
r-oldrel-windows-ix86+x86_64 1.0.0 220.00 124.00 344.00 NOTE

Check Details

Version: 1.0.0
Check: for GNU extensions in Makefiles
Result: NOTE
    GNU make is a SystemRequirements.
Flavors: r-devel-linux-x86_64-debian-clang, r-devel-linux-x86_64-debian-gcc, r-devel-windows-x86_64-new-UL, r-devel-windows-x86_64-new-TK, r-devel-windows-x86_64-old, r-patched-linux-x86_64, r-release-linux-x86_64, r-release-macos-x86_64, r-release-windows-ix86+x86_64, r-oldrel-macos-x86_64, r-oldrel-windows-ix86+x86_64

Version: 1.0.0
Check: whether package can be installed
Result: ERROR
    Installation failed.
Flavor: r-release-macos-arm64

Version: 1.0.0
Check: installed package size
Result: NOTE
     installed size is 6.2Mb
     sub-directories of 1Mb or more:
     libs 6.1Mb
Flavors: r-release-macos-x86_64, r-oldrel-macos-x86_64