CRAN Package Check Results for Package Multiaovbay

Last updated on 2024-06-14 02:54:08 CEST.

Flavor Version Tinstall Tcheck Ttotal Status Flags
r-devel-linux-x86_64-debian-clang 0.1.0 24.87 182.57 207.44 OK
r-devel-linux-x86_64-debian-gcc 0.1.0 0.34 1.78 2.12 ERROR
r-devel-linux-x86_64-fedora-clang 0.1.0 253.27 NOTE
r-devel-linux-x86_64-fedora-gcc 0.1.0 242.01 OK
r-devel-windows-x86_64 0.1.0 21.00 129.00 150.00 OK
r-patched-linux-x86_64 0.1.0 17.10 175.43 192.53 OK
r-release-linux-x86_64 0.1.0 23.26 168.60 191.86 OK
r-release-macos-arm64 0.1.0 66.00 OK
r-release-macos-x86_64 0.1.0 94.00 OK
r-release-windows-x86_64 0.1.0 21.00 131.00 152.00 OK
r-oldrel-macos-arm64 0.1.0 71.00 OK
r-oldrel-macos-x86_64 0.1.0 120.00 OK
r-oldrel-windows-x86_64 0.1.0 27.00 167.00 194.00 OK

Additional issues

donttest

Check Details

Version: 0.1.0
Check: package dependencies
Result: ERROR Packages required but not available: 'ggstatsplot', 'ggplot2', 'dplyr', 'tibble', 'BayesFactor', 'broom', 'car', 'highcharter', 'purrr', 'stringr' See section ‘The DESCRIPTION file’ in the ‘Writing R Extensions’ manual. Flavor: r-devel-linux-x86_64-debian-gcc

Version: 0.1.0
Check: package dependencies
Result: NOTE Imports includes 21 non-default packages. Importing from so many packages makes the package vulnerable to any of them becoming unavailable. Move as many as possible to Suggests and use conditionally. Flavor: r-devel-linux-x86_64-fedora-clang