Last updated on 2025-02-08 12:49:38 CET.
Flavor | Version | Tinstall | Tcheck | Ttotal | Status | Flags |
---|---|---|---|---|---|---|
r-devel-linux-x86_64-debian-clang | 1.0.0 | 13.62 | 199.09 | 212.71 | OK | |
r-devel-linux-x86_64-debian-gcc | 1.0.0 | 10.21 | 136.99 | 147.20 | OK | |
r-devel-linux-x86_64-fedora-clang | 1.0.0 | 340.24 | NOTE | |||
r-devel-linux-x86_64-fedora-gcc | 1.0.0 | 341.48 | NOTE | |||
r-devel-windows-x86_64 | 1.0.0 | 14.00 | 202.00 | 216.00 | OK | |
r-patched-linux-x86_64 | 1.0.0 | 12.83 | 190.44 | 203.27 | NOTE | |
r-release-linux-x86_64 | 1.0.0 | 12.60 | 191.55 | 204.15 | NOTE | |
r-release-macos-arm64 | 1.0.0 | 98.00 | NOTE | |||
r-release-macos-x86_64 | 1.0.0 | 253.00 | NOTE | |||
r-release-windows-x86_64 | 1.0.0 | 14.00 | 199.00 | 213.00 | NOTE | |
r-oldrel-macos-arm64 | 1.0.0 | 104.00 | NOTE | |||
r-oldrel-macos-x86_64 | 1.0.0 | 204.00 | NOTE | |||
r-oldrel-windows-x86_64 | 1.0.0 | 18.00 | 258.00 | 276.00 | NOTE |
Version: 1.0.0
Check: dependencies in R code
Result: NOTE
Namespaces in Imports field not imported from:
‘RCurl’ ‘fields’ ‘optmatch’ ‘rcbalance’ ‘utils’
All declared Imports should be used.
Flavors: r-devel-linux-x86_64-fedora-clang, r-devel-linux-x86_64-fedora-gcc
Version: 1.0.0
Check: package dependencies
Result: NOTE
Package suggested but not available for checking: ‘rrelaxiv’
Flavors: r-patched-linux-x86_64, r-release-linux-x86_64, r-release-macos-arm64, r-release-macos-x86_64, r-release-windows-x86_64, r-oldrel-macos-arm64, r-oldrel-macos-x86_64, r-oldrel-windows-x86_64