Last updated on 2023-03-30 21:49:59 CEST.
Flavor | Version | Tinstall | Tcheck | Ttotal | Status | Flags |
---|---|---|---|---|---|---|
r-devel-linux-x86_64-debian-clang | 0.1.0 | 8.71 | 99.96 | 108.67 | OK | |
r-devel-linux-x86_64-debian-gcc | 0.1.0 | 6.78 | 77.95 | 84.73 | OK | |
r-devel-linux-x86_64-fedora-clang | 0.1.0 | 137.34 | NOTE | |||
r-devel-linux-x86_64-fedora-gcc | 0.1.0 | 141.40 | NOTE | |||
r-devel-windows-x86_64 | 0.1.0 | 18.00 | 0.00 | 18.00 | OK | |
r-patched-linux-x86_64 | 0.1.0 | 9.88 | 98.20 | 108.08 | OK | |
r-release-linux-x86_64 | 0.1.0 | 8.68 | 97.17 | 105.85 | OK | |
r-release-macos-arm64 | 0.1.0 | 57.00 | NOTE | |||
r-release-macos-x86_64 | 0.1.0 | 55.00 | NOTE | |||
r-release-windows-x86_64 | 0.1.0 | 17.00 | 138.00 | 155.00 | OK | |
r-oldrel-macos-arm64 | 0.1.0 | 49.00 | NOTE | |||
r-oldrel-macos-x86_64 | 0.1.0 | 70.00 | NOTE | |||
r-oldrel-windows-ix86+x86_64 | 0.1.0 | 20.00 | 120.00 | 140.00 | OK |
Version: 0.1.0
Check: dependencies in R code
Result: NOTE
Namespace in Imports field not imported from: ‘MASS’
All declared Imports should be used.
Flavors: r-devel-linux-x86_64-fedora-clang, r-devel-linux-x86_64-fedora-gcc, r-release-macos-arm64, r-release-macos-x86_64, r-oldrel-macos-arm64, r-oldrel-macos-x86_64