Last updated on 2024-04-24 02:53:06 CEST.
Flavor | Version | Tinstall | Tcheck | Ttotal | Status | Flags |
---|---|---|---|---|---|---|
r-devel-linux-x86_64-debian-clang | 0.1.0 | 14.25 | 157.80 | 172.05 | OK | |
r-devel-linux-x86_64-debian-gcc | 0.1.0 | 11.70 | 118.92 | 130.62 | OK | |
r-devel-linux-x86_64-fedora-clang | 0.1.0 | 215.96 | NOTE | |||
r-devel-linux-x86_64-fedora-gcc | 0.1.0 | 227.81 | NOTE | |||
r-prerel-macos-arm64 | 0.1.0 | 67.00 | OK | |||
r-prerel-windows-x86_64 | 0.1.0 | 13.00 | 129.00 | 142.00 | OK | |
r-patched-linux-x86_64 | 0.1.0 | 9.41 | 149.54 | 158.95 | OK | |
r-release-linux-x86_64 | 0.1.0 | 9.26 | 152.83 | 162.09 | OK | |
r-release-macos-arm64 | 0.1.0 | 75.00 | OK | |||
r-release-macos-x86_64 | 0.1.0 | 115.00 | OK | |||
r-release-windows-x86_64 | 0.1.0 | 18.00 | 162.00 | 180.00 | OK | |
r-oldrel-macos-arm64 | 0.1.0 | 66.00 | NOTE | |||
r-oldrel-windows-x86_64 | 0.1.0 | 18.00 | 163.00 | 181.00 | OK |
Version: 0.1.0
Check: dependencies in R code
Result: NOTE
Namespace in Imports field not imported from: ‘plsgenomics’
All declared Imports should be used.
Flavors: r-devel-linux-x86_64-fedora-clang, r-devel-linux-x86_64-fedora-gcc, r-oldrel-macos-arm64