Last updated on 2025-02-21 21:51:04 CET.
Flavor | Version | Tinstall | Tcheck | Ttotal | Status | Flags |
---|---|---|---|---|---|---|
r-devel-linux-x86_64-debian-clang | 0.2.0 | 54.44 | 114.42 | 168.86 | NOTE | |
r-devel-linux-x86_64-debian-gcc | 0.2.0 | 37.98 | 82.57 | 120.55 | NOTE | |
r-devel-linux-x86_64-fedora-clang | 0.2.0 | 289.97 | NOTE | |||
r-devel-linux-x86_64-fedora-gcc | 0.2.0 | 324.41 | NOTE | |||
r-devel-macos-arm64 | 0.2.0 | 83.00 | NOTE | |||
r-devel-macos-x86_64 | 0.2.0 | 186.00 | NOTE | |||
r-devel-windows-x86_64 | 0.2.0 | 61.00 | 149.00 | 210.00 | NOTE | |
r-patched-linux-x86_64 | 0.2.0 | 53.52 | 112.08 | 165.60 | NOTE | |
r-release-linux-x86_64 | 0.2.0 | 53.76 | 110.35 | 164.11 | NOTE | |
r-release-macos-arm64 | 0.2.0 | 48.00 | NOTE | |||
r-release-macos-x86_64 | 0.2.0 | 72.00 | NOTE | |||
r-release-windows-x86_64 | 0.2.0 | 61.00 | 144.00 | 205.00 | NOTE | |
r-oldrel-macos-arm64 | 0.2.0 | 84.00 | NOTE | |||
r-oldrel-macos-x86_64 | 0.2.0 | 177.00 | NOTE | |||
r-oldrel-windows-x86_64 | 0.2.0 | 57.00 | 158.00 | 215.00 | NOTE |
Version: 0.2.0
Check: C++ specification
Result: NOTE
Specified C++11: please drop specification unless essential
Flavors: r-devel-linux-x86_64-debian-clang, r-devel-linux-x86_64-debian-gcc, r-devel-linux-x86_64-fedora-clang, r-devel-linux-x86_64-fedora-gcc, r-devel-macos-arm64, r-devel-macos-x86_64, r-devel-windows-x86_64, r-patched-linux-x86_64, r-release-linux-x86_64, r-release-macos-arm64, r-release-macos-x86_64, r-release-windows-x86_64, r-oldrel-macos-arm64, r-oldrel-macos-x86_64, r-oldrel-windows-x86_64
Version: 0.2.0
Check: compiled code
Result: NOTE
File ‘MultiBD/libs/MultiBD.so’:
Found no calls to: ‘R_registerRoutines’, ‘R_useDynamicSymbols’
It is good practice to register native routines and to disable symbol
search.
See ‘Writing portable packages’ in the ‘Writing R Extensions’ manual.
Flavors: r-devel-linux-x86_64-fedora-clang, r-devel-linux-x86_64-fedora-gcc
Version: 0.2.0
Check: installed package size
Result: NOTE
installed size is 6.1Mb
sub-directories of 1Mb or more:
libs 4.5Mb
Flavors: r-release-macos-arm64, r-release-macos-x86_64, r-oldrel-macos-arm64, r-oldrel-macos-x86_64