Last updated on 2024-04-18 21:56:57 CEST.
Flavor | Version | Tinstall | Tcheck | Ttotal | Status | Flags |
---|---|---|---|---|---|---|
r-devel-linux-x86_64-debian-clang | 23.11.0 | 42.74 | 302.78 | 345.52 | OK | |
r-devel-linux-x86_64-debian-gcc | 23.11.0 | 36.86 | 212.24 | 249.10 | OK | |
r-devel-linux-x86_64-fedora-clang | 23.11.0 | 424.70 | OK | |||
r-devel-linux-x86_64-fedora-gcc | 23.11.0 | 232.70 | OK | |||
r-prerel-macos-arm64 | 23.11.0 | 96.00 | OK | |||
r-prerel-windows-x86_64 | 23.11.0 | 40.00 | 271.00 | 311.00 | OK | |
r-patched-linux-x86_64 | 23.11.0 | 51.06 | 275.74 | 326.80 | OK | |
r-release-linux-x86_64 | 23.11.0 | 34.47 | 286.79 | 321.26 | OK | |
r-release-macos-arm64 | 23.11.0 | 71.00 | OK | |||
r-release-macos-x86_64 | 23.11.0 | 147.00 | OK | |||
r-release-windows-x86_64 | 23.11.0 | 52.00 | 339.00 | 391.00 | OK | |
r-oldrel-macos-arm64 | 23.11.0 | 76.00 | NOTE | |||
r-oldrel-windows-x86_64 | 23.11.0 | 52.00 | 336.00 | 388.00 | NOTE |
Version: 23.11.0
Check: S3 generic/method consistency
Result: NOTE
Found the following apparent S3 methods exported but not registered:
plot.TetraDualStatis summary.TetraDualStatis
See section ‘Registering S3 methods’ in the ‘Writing R Extensions’
manual.
Flavors: r-oldrel-macos-arm64, r-oldrel-windows-x86_64