Last updated on 2025-02-01 21:49:19 CET.
Flavor | Version | Tinstall | Tcheck | Ttotal | Status | Flags |
---|---|---|---|---|---|---|
r-devel-linux-x86_64-debian-clang | 0.1.3 | 1.91 | 27.01 | 28.92 | NOTE | |
r-devel-linux-x86_64-debian-gcc | 0.1.3 | 1.90 | 21.13 | 23.03 | NOTE | |
r-devel-linux-x86_64-fedora-clang | 0.1.3 | 49.87 | NOTE | |||
r-devel-linux-x86_64-fedora-gcc | 0.1.3 | 58.72 | NOTE | |||
r-devel-windows-x86_64 | 0.1.3 | 4.00 | 48.00 | 52.00 | NOTE | |
r-patched-linux-x86_64 | 0.1.3 | 2.37 | 26.31 | 28.68 | NOTE | |
r-release-linux-x86_64 | 0.1.3 | 2.22 | 25.78 | 28.00 | NOTE | |
r-release-macos-arm64 | 0.1.3 | 22.00 | NOTE | |||
r-release-macos-x86_64 | 0.1.3 | 39.00 | NOTE | |||
r-release-windows-x86_64 | 0.1.3 | 3.00 | 47.00 | 50.00 | NOTE | |
r-oldrel-macos-arm64 | 0.1.3 | 24.00 | NOTE | |||
r-oldrel-macos-x86_64 | 0.1.3 | 34.00 | NOTE | |||
r-oldrel-windows-x86_64 | 0.1.3 | 3.00 | 48.00 | 51.00 | NOTE |
Version: 0.1.3
Check: package subdirectories
Result: NOTE
Problems with news in ‘NEWS.md’:
No news entries found.
Flavors: r-devel-linux-x86_64-debian-clang, r-devel-linux-x86_64-debian-gcc, r-devel-linux-x86_64-fedora-clang, r-devel-linux-x86_64-fedora-gcc, r-devel-windows-x86_64, r-patched-linux-x86_64, r-release-linux-x86_64, r-release-macos-arm64, r-release-macos-x86_64, r-release-windows-x86_64, r-oldrel-macos-arm64, r-oldrel-macos-x86_64, r-oldrel-windows-x86_64