CRAN Package Check Results for Package MullerPlot

Last updated on 2023-12-09 12:49:28 CET.

Flavor Version Tinstall Tcheck Ttotal Status Flags
r-devel-linux-x86_64-debian-clang 0.1.3 2.67 30.89 33.56 NOTE
r-devel-linux-x86_64-debian-gcc 0.1.3 2.14 23.64 25.78 NOTE
r-devel-linux-x86_64-fedora-clang 0.1.3 41.97 NOTE
r-devel-linux-x86_64-fedora-gcc 0.1.3 51.81 NOTE
r-devel-windows-x86_64 0.1.3 4.00 50.00 54.00 NOTE
r-patched-linux-x86_64 0.1.3 3.06 30.38 33.44 NOTE
r-release-linux-x86_64 0.1.3 2.23 28.81 31.04 NOTE
r-release-macos-arm64 0.1.3 24.00 NOTE
r-release-macos-x86_64 0.1.3 34.00 NOTE
r-release-windows-x86_64 0.1.3 3.00 47.00 50.00 NOTE
r-oldrel-macos-arm64 0.1.3 21.00 OK
r-oldrel-macos-x86_64 0.1.3 37.00 OK
r-oldrel-windows-x86_64 0.1.3 6.00 58.00 64.00 OK

Check Details

Version: 0.1.3
Check: package subdirectories
Result: NOTE Problems with news in ‘NEWS.md’: No news entries found. Flavors: r-devel-linux-x86_64-debian-clang, r-devel-linux-x86_64-debian-gcc, r-devel-linux-x86_64-fedora-clang, r-devel-linux-x86_64-fedora-gcc, r-devel-windows-x86_64, r-patched-linux-x86_64, r-release-linux-x86_64, r-release-macos-arm64, r-release-macos-x86_64, r-release-windows-x86_64