Last updated on 2023-09-23 21:52:51 CEST.
Flavor | Version | Tinstall | Tcheck | Ttotal | Status | Flags |
---|---|---|---|---|---|---|
r-devel-linux-x86_64-debian-clang | 0.6.3 | 20.52 | 37.05 | 57.57 | OK | |
r-devel-linux-x86_64-debian-gcc | 0.6.3 | 13.94 | 31.50 | 45.44 | OK | |
r-devel-linux-x86_64-fedora-clang | 0.6.3 | 78.32 | NOTE | |||
r-devel-linux-x86_64-fedora-gcc | 0.6.3 | 79.20 | NOTE | |||
r-devel-windows-x86_64 | 0.6.3 | 20.00 | 64.00 | 84.00 | OK | |
r-patched-linux-x86_64 | 0.6.3 | 26.78 | 34.67 | 61.45 | OK | |
r-release-linux-x86_64 | 0.6.3 | 20.51 | 35.05 | 55.56 | OK | |
r-release-macos-arm64 | 0.6.3 | 31.00 | OK | |||
r-release-macos-x86_64 | 0.6.3 | 37.00 | OK | |||
r-release-windows-x86_64 | 0.6.3 | 24.00 | 74.00 | 98.00 | OK | |
r-oldrel-macos-arm64 | 0.6.3 | 25.00 | NOTE | |||
r-oldrel-macos-x86_64 | 0.6.3 | 44.00 | NOTE | |||
r-oldrel-windows-x86_64 | 0.6.3 | 23.00 | 71.00 | 94.00 | OK |
Version: 0.6.3
Check: dependencies in R code
Result: NOTE
Namespaces in Imports field not imported from:
‘Matrix’ ‘capushe’ ‘shiny’
All declared Imports should be used.
Flavors: r-devel-linux-x86_64-fedora-clang, r-devel-linux-x86_64-fedora-gcc, r-oldrel-macos-arm64, r-oldrel-macos-x86_64