Last updated on 2024-04-23 12:49:34 CEST.
Flavor | Version | Tinstall | Tcheck | Ttotal | Status | Flags |
---|---|---|---|---|---|---|
r-devel-linux-x86_64-debian-clang | 0.6.3 | 23.96 | 36.02 | 59.98 | OK | |
r-devel-linux-x86_64-debian-gcc | 0.6.3 | 15.75 | 27.64 | 43.39 | OK | |
r-devel-linux-x86_64-fedora-clang | 0.6.3 | 80.54 | NOTE | |||
r-devel-linux-x86_64-fedora-gcc | 0.6.3 | 79.17 | NOTE | |||
r-prerel-macos-arm64 | 0.6.3 | 27.00 | OK | |||
r-prerel-windows-x86_64 | 0.6.3 | 21.00 | 67.00 | 88.00 | OK | |
r-patched-linux-x86_64 | 0.6.3 | 25.98 | 34.90 | 60.88 | OK | |
r-release-linux-x86_64 | 0.6.3 | 18.14 | 34.82 | 52.96 | OK | |
r-release-macos-arm64 | 0.6.3 | 31.00 | OK | |||
r-release-macos-x86_64 | 0.6.3 | 37.00 | OK | |||
r-release-windows-x86_64 | 0.6.3 | 24.00 | 74.00 | 98.00 | OK | |
r-oldrel-macos-arm64 | 0.6.3 | 25.00 | NOTE | |||
r-oldrel-windows-x86_64 | 0.6.3 | 24.00 | 73.00 | 97.00 | OK |
Version: 0.6.3
Check: dependencies in R code
Result: NOTE
Namespaces in Imports field not imported from:
‘Matrix’ ‘capushe’ ‘shiny’
All declared Imports should be used.
Flavors: r-devel-linux-x86_64-fedora-clang, r-devel-linux-x86_64-fedora-gcc, r-oldrel-macos-arm64