Last updated on 2022-05-28 11:52:09 CEST.
Flavor | Version | Tinstall | Tcheck | Ttotal | Status | Flags |
---|---|---|---|---|---|---|
r-devel-linux-x86_64-debian-clang | 0.1.2 | 136.37 | 92.10 | 228.47 | OK | |
r-devel-linux-x86_64-debian-gcc | 0.1.2 | 110.93 | 68.69 | 179.62 | OK | |
r-devel-linux-x86_64-fedora-clang | 0.1.2 | 333.94 | NOTE | |||
r-devel-linux-x86_64-fedora-gcc | 0.1.2 | 298.90 | OK | |||
r-devel-windows-x86_64 | 0.1.2 | 117.00 | 124.00 | 241.00 | OK | |
r-patched-linux-x86_64 | 0.1.2 | 114.94 | 87.28 | 202.22 | OK | |
r-release-linux-x86_64 | 0.1.2 | 114.44 | 89.58 | 204.02 | OK | |
r-release-macos-arm64 | 0.1.2 | 78.00 | NOTE | |||
r-release-macos-x86_64 | 0.1.2 | 94.00 | NOTE | |||
r-release-windows-x86_64 | 0.1.2 | 117.00 | 133.00 | 250.00 | OK | |
r-oldrel-macos-arm64 | 0.1.2 | 258.00 | NOTE | |||
r-oldrel-macos-x86_64 | 0.1.2 | 112.00 | NOTE | |||
r-oldrel-windows-ix86+x86_64 | 0.1.2 | 349.00 | 155.00 | 504.00 | NOTE |
Version: 0.1.2
Check: installed package size
Result: NOTE
installed size is 6.8Mb
sub-directories of 1Mb or more:
doc 1.9Mb
libs 4.6Mb
Flavors: r-devel-linux-x86_64-fedora-clang, r-release-macos-arm64, r-release-macos-x86_64, r-oldrel-macos-arm64, r-oldrel-macos-x86_64, r-oldrel-windows-ix86+x86_64