Last updated on 2024-03-28 12:50:40 CET.
Flavor | Version | Tinstall | Tcheck | Ttotal | Status | Flags |
---|---|---|---|---|---|---|
r-devel-linux-x86_64-debian-clang | 1.1.1 | 45.95 | 155.18 | 201.13 | OK | |
r-devel-linux-x86_64-debian-gcc | 1.1.1 | 40.92 | 116.14 | 157.06 | OK | |
r-devel-linux-x86_64-fedora-clang | 1.1.1 | 297.04 | OK | |||
r-devel-linux-x86_64-fedora-gcc | 1.1.1 | 261.90 | OK | |||
r-devel-windows-x86_64 | 1.1.1 | 39.00 | 153.00 | 192.00 | OK | |
r-patched-linux-x86_64 | 1.1.1 | 50.10 | 152.78 | 202.88 | OK | |
r-release-linux-x86_64 | 1.1.1 | 43.09 | 146.43 | 189.52 | OK | |
r-release-macos-arm64 | 1.1.1 | 78.00 | NOTE | |||
r-release-macos-x86_64 | 1.1.1 | 170.00 | NOTE | |||
r-release-windows-x86_64 | 1.1.1 | 54.00 | 178.00 | 232.00 | OK | |
r-oldrel-macos-arm64 | 1.1.1 | 78.00 | OK | |||
r-oldrel-windows-x86_64 | 1.1.1 | 56.00 | 158.00 | 214.00 | OK |
Version: 1.1.1
Check: package dependencies
Result: NOTE
Package suggested but not available for checking: ‘rhdf5’
Flavors: r-release-macos-arm64, r-release-macos-x86_64