CRAN Package Check Results for Package MortalityGaps

Last updated on 2023-03-27 12:54:27 CEST.

Flavor Version Tinstall Tcheck Ttotal Status Flags
r-devel-linux-x86_64-debian-clang 1.0.0 8.24 139.14 147.38 OK
r-devel-linux-x86_64-debian-gcc 1.0.0 6.52 102.57 109.09 OK
r-devel-linux-x86_64-fedora-clang 1.0.0 178.39 OK
r-devel-linux-x86_64-fedora-gcc 1.0.0 193.20 OK
r-devel-windows-x86_64 1.0.0 32.00 178.00 210.00 OK
r-patched-linux-x86_64 1.0.0 15.66 129.15 144.81 OK
r-release-linux-x86_64 1.0.0 6.74 129.41 136.15 OK
r-release-macos-arm64 1.0.0 50.00 OK
r-release-macos-x86_64 1.0.0 94.00 OK
r-release-windows-x86_64 1.0.0 45.00 182.00 227.00 OK
r-oldrel-macos-arm64 1.0.0 58.00 OK
r-oldrel-macos-x86_64 1.0.0 107.00 OK
r-oldrel-windows-ix86+x86_64 1.0.0 23.00 172.00 195.00 NOTE

Check Details

Version: 1.0.0
Check: R code for possible problems
Result: NOTE
    Initiating curl with CURL_SSL_BACKEND: openssl
Flavor: r-oldrel-windows-ix86+x86_64