Last updated on 2024-03-28 06:52:54 CET.
Flavor | Version | Tinstall | Tcheck | Ttotal | Status | Flags |
---|---|---|---|---|---|---|
r-devel-linux-x86_64-debian-clang | 2.12 | 324.54 | 207.90 | 532.44 | OK | |
r-devel-linux-x86_64-debian-gcc | 2.12 | 230.23 | 151.52 | 381.75 | OK | |
r-devel-linux-x86_64-fedora-clang | 2.12 | 720.44 | OK | |||
r-devel-linux-x86_64-fedora-gcc | 2.12 | 701.02 | OK | |||
r-devel-windows-x86_64 | 2.12 | 225.00 | 208.00 | 433.00 | NOTE | |
r-patched-linux-x86_64 | 2.12 | 296.17 | 201.18 | 497.35 | OK | |
r-release-linux-x86_64 | 2.12 | 234.21 | 198.28 | 432.49 | OK | |
r-release-macos-arm64 | 2.12 | 139.00 | NOTE | |||
r-release-macos-x86_64 | 2.12 | 213.00 | NOTE | |||
r-release-windows-x86_64 | 2.12 | 279.00 | 263.00 | 542.00 | NOTE | |
r-oldrel-macos-arm64 | 2.12 | 147.00 | NOTE | |||
r-oldrel-windows-x86_64 | 2.12 | 273.00 | 239.00 | 512.00 | NOTE |
Version: 2.12
Check: installed package size
Result: NOTE
installed size is 5.2Mb
sub-directories of 1Mb or more:
data 2.0Mb
libs 1.5Mb
Flavors: r-devel-windows-x86_64, r-release-macos-arm64, r-release-macos-x86_64, r-release-windows-x86_64, r-oldrel-macos-arm64, r-oldrel-windows-x86_64