Last updated on 2024-04-25 06:02:16 CEST.
Flavor | Version | Tinstall | Tcheck | Ttotal | Status | Flags |
---|---|---|---|---|---|---|
r-devel-linux-x86_64-debian-clang | 6.0 | 82.96 | 89.91 | 172.87 | OK | |
r-devel-linux-x86_64-debian-gcc | 6.0 | 61.73 | 63.21 | 124.94 | OK | |
r-devel-linux-x86_64-fedora-clang | 6.0 | 211.14 | OK | |||
r-devel-linux-x86_64-fedora-gcc | 6.0 | 235.52 | OK | |||
r-devel-windows-x86_64 | 6.0 | 56.00 | 95.00 | 151.00 | OK | |
r-patched-linux-x86_64 | 6.0 | 66.45 | 83.59 | 150.04 | OK | |
r-release-linux-x86_64 | 6.0 | 68.89 | 87.44 | 156.33 | OK | |
r-release-macos-arm64 | 6.0 | 48.00 | NOTE | |||
r-release-windows-x86_64 | 6.0 | 57.00 | 91.00 | 148.00 | OK | |
r-oldrel-macos-arm64 | 6.0 | 56.00 | NOTE | |||
r-oldrel-macos-x86_64 | 6.0 | 98.00 | NOTE | |||
r-oldrel-windows-x86_64 | 6.0 | 72.00 | 118.00 | 190.00 | OK |
Version: 6.0
Check: installed package size
Result: NOTE
installed size is 7.1Mb
sub-directories of 1Mb or more:
libs 6.5Mb
Flavors: r-release-macos-arm64, r-oldrel-macos-arm64, r-oldrel-macos-x86_64
Version: 6.0
Check: package dependencies
Result: NOTE
Package suggested but not available for checking: ‘tmvtnorm’
Flavor: r-oldrel-macos-x86_64