Last updated on 2023-03-20 21:57:55 CET.
Flavor | Version | Tinstall | Tcheck | Ttotal | Status | Flags |
---|---|---|---|---|---|---|
r-devel-linux-x86_64-debian-clang | 0.2.6 | NOTE | ||||
r-devel-linux-x86_64-debian-gcc | 0.2.6 | 50.79 | 57.75 | 108.54 | NOTE | |
r-devel-linux-x86_64-fedora-clang | 0.2.6 | 201.60 | NOTE | |||
r-devel-linux-x86_64-fedora-gcc | 0.2.6 | 203.22 | NOTE | |||
r-devel-windows-x86_64 | 0.2.6 | 112.00 | 148.00 | 260.00 | NOTE | |
r-patched-linux-x86_64 | 0.2.6 | 53.73 | 73.02 | 126.75 | OK | |
r-release-linux-x86_64 | 0.2.6 | 47.70 | 72.22 | 119.92 | OK | |
r-release-macos-arm64 | 0.2.6 | 47.00 | OK | |||
r-release-macos-x86_64 | 0.2.6 | 69.00 | OK | |||
r-release-windows-x86_64 | 0.2.6 | 76.00 | 132.00 | 208.00 | OK | |
r-oldrel-macos-arm64 | 0.2.6 | 62.00 | OK | |||
r-oldrel-macos-x86_64 | 0.2.6 | 80.00 | OK | |||
r-oldrel-windows-ix86+x86_64 | 0.2.6 | 160.00 | 143.00 | 303.00 | OK |
Version: 0.2.6
Check: C++ specification
Result: NOTE
Specified C++11: please drop specification unless essential
Flavors: r-devel-linux-x86_64-debian-clang, r-devel-linux-x86_64-debian-gcc, r-devel-linux-x86_64-fedora-clang, r-devel-linux-x86_64-fedora-gcc, r-devel-windows-x86_64