Last updated on 2025-05-06 06:50:00 CEST.
Flavor | Version | Tinstall | Tcheck | Ttotal | Status | Flags |
---|---|---|---|---|---|---|
r-devel-linux-x86_64-debian-clang | 0.1.0 | 4.35 | 290.64 | 294.99 | NOTE | |
r-devel-linux-x86_64-debian-gcc | 0.1.0 | 3.55 | 186.88 | 190.43 | NOTE | |
r-devel-linux-x86_64-fedora-clang | 0.1.0 | 499.07 | OK | |||
r-devel-linux-x86_64-fedora-gcc | 0.1.0 | 556.87 | OK | |||
r-devel-windows-x86_64 | 0.1.0 | 8.00 | 315.00 | 323.00 | OK | |
r-patched-linux-x86_64 | 0.1.0 | 5.44 | 295.30 | 300.74 | OK | |
r-release-linux-x86_64 | 0.1.0 | 4.96 | 289.48 | 294.44 | OK | |
r-release-macos-arm64 | 0.1.0 | 142.00 | OK | |||
r-release-macos-x86_64 | 0.1.0 | 339.00 | OK | |||
r-release-windows-x86_64 | 0.1.0 | 8.00 | 317.00 | 325.00 | OK | |
r-oldrel-macos-arm64 | 0.1.0 | 149.00 | OK | |||
r-oldrel-macos-x86_64 | 0.1.0 | 297.00 | OK | |||
r-oldrel-windows-x86_64 | 0.1.0 | 9.00 | 399.00 | 408.00 | OK |
Version: 0.1.0
Check: CRAN incoming feasibility
Result: NOTE
Maintainer: ‘Gabriele Lubatti <gabriele.lubatti@helmholtz-muenchen.de>’
No Authors@R field in DESCRIPTION.
Please add one, modifying
Authors@R: person(given = "Gabriele",
family = "Lubatti",
role = c("aut", "cre"),
email = "gabriele.lubatti@helmholtz-muenchen.de")
as necessary.
Flavors: r-devel-linux-x86_64-debian-clang, r-devel-linux-x86_64-debian-gcc