CRAN Package Check Results for Package MigrationDetectR

Last updated on 2024-05-28 11:54:09 CEST.

Flavor Version Tinstall Tcheck Ttotal Status Flags
r-devel-linux-x86_64-debian-clang 0.1.1 5.88 56.99 62.87 OK
r-devel-linux-x86_64-debian-gcc 0.1.1 4.56 41.81 46.37 OK
r-devel-linux-x86_64-fedora-clang 0.1.1 81.74 NOTE
r-devel-linux-x86_64-fedora-gcc 0.1.1 72.10 NOTE
r-devel-windows-x86_64 0.1.1 7.00 68.00 75.00 OK
r-patched-linux-x86_64 0.1.1 5.10 53.27 58.37 OK
r-release-linux-x86_64 0.1.1 4.14 54.86 59.00 OK
r-release-macos-arm64 0.1.1 27.00 OK
r-release-windows-x86_64 0.1.1 7.00 59.00 66.00 OK
r-oldrel-macos-arm64 0.1.1 26.00 OK
r-oldrel-macos-x86_64 0.1.1 50.00 OK
r-oldrel-windows-x86_64 0.1.1 8.00 66.00 74.00 OK

Check Details

Version: 0.1.1
Check: dependencies in R code
Result: NOTE Namespace in Imports field not imported from: ‘lifecycle’ All declared Imports should be used. Flavors: r-devel-linux-x86_64-fedora-clang, r-devel-linux-x86_64-fedora-gcc