CRAN Package Check Results for Package MicroMacroMultilevel

Last updated on 2025-02-04 03:49:54 CET.

Flavor Version Tinstall Tcheck Ttotal Status Flags
r-devel-linux-x86_64-debian-clang 0.4.0 2.01 21.98 23.99 OK
r-devel-linux-x86_64-debian-gcc 0.4.0 1.52 16.58 18.10 OK
r-devel-linux-x86_64-fedora-clang 0.4.0 39.93 OK
r-devel-linux-x86_64-fedora-gcc 0.4.0 37.19 OK
r-devel-windows-x86_64 0.4.0 3.00 46.00 49.00 OK
r-patched-linux-x86_64 0.4.0 1.90 20.81 22.71 NOTE
r-release-linux-x86_64 0.4.0 1.74 20.81 22.55 NOTE
r-release-macos-arm64 0.4.0 15.00 NOTE
r-release-macos-x86_64 0.4.0 28.00 NOTE
r-release-windows-x86_64 0.4.0 3.00 51.00 54.00 NOTE
r-oldrel-macos-arm64 0.4.0 17.00 NOTE
r-oldrel-macos-x86_64 0.4.0 24.00 NOTE
r-oldrel-windows-x86_64 0.4.0 3.00 50.00 53.00 NOTE

Check Details

Version: 0.4.0
Check: LazyData
Result: NOTE 'LazyData' is specified without a 'data' directory Flavors: r-patched-linux-x86_64, r-release-linux-x86_64, r-release-macos-arm64, r-release-macos-x86_64, r-release-windows-x86_64, r-oldrel-macos-arm64, r-oldrel-macos-x86_64, r-oldrel-windows-x86_64