Last updated on 2025-02-22 12:50:41 CET.
Flavor | Version | Tinstall | Tcheck | Ttotal | Status | Flags |
---|---|---|---|---|---|---|
r-devel-linux-x86_64-debian-clang | 1.1.3 | 3.54 | 32.48 | 36.02 | OK | |
r-devel-linux-x86_64-debian-gcc | 1.1.3 | 2.47 | 23.54 | 26.01 | OK | |
r-devel-linux-x86_64-fedora-clang | 1.1.3 | 60.61 | NOTE | |||
r-devel-linux-x86_64-fedora-gcc | 1.1.3 | 54.94 | NOTE | |||
r-devel-macos-arm64 | 1.1.3 | 20.00 | OK | |||
r-devel-macos-x86_64 | 1.1.3 | 34.00 | OK | |||
r-devel-windows-x86_64 | 1.1.3 | 5.00 | 58.00 | 63.00 | OK | |
r-patched-linux-x86_64 | 1.1.3 | 3.68 | 29.93 | 33.61 | OK | |
r-release-linux-x86_64 | 1.1.3 | 3.14 | 29.67 | 32.81 | OK | |
r-release-macos-arm64 | 1.1.3 | 20.00 | OK | |||
r-release-macos-x86_64 | 1.1.3 | 28.00 | OK | |||
r-release-windows-x86_64 | 1.1.3 | 7.00 | 51.00 | 58.00 | OK | |
r-oldrel-macos-arm64 | 1.1.3 | 21.00 | OK | |||
r-oldrel-macos-x86_64 | 1.1.3 | 57.00 | OK | |||
r-oldrel-windows-x86_64 | 1.1.3 | 7.00 | 58.00 | 65.00 | OK |
Version: 1.1.3
Check: dependencies in R code
Result: NOTE
Namespace in Imports field not imported from: ‘qpdf’
All declared Imports should be used.
Flavors: r-devel-linux-x86_64-fedora-clang, r-devel-linux-x86_64-fedora-gcc