CRAN Package Check Results for Package MiRAnorm

Last updated on 2020-04-09 06:47:22 CEST.

Flavor Version Tinstall Tcheck Ttotal Status Flags
r-devel-linux-x86_64-debian-clang 1.0.0 5.44 45.16 50.60 NOTE
r-devel-linux-x86_64-debian-gcc 1.0.0 4.65 34.58 39.23 NOTE
r-devel-linux-x86_64-fedora-clang 1.0.0 59.74 NOTE
r-devel-linux-x86_64-fedora-gcc 1.0.0 65.92 NOTE
r-devel-windows-ix86+x86_64 1.0.0 13.00 68.00 81.00 OK
r-devel-windows-ix86+x86_64-gcc8 1.0.0 15.00 59.00 74.00 OK
r-patched-linux-x86_64 1.0.0 5.65 43.52 49.17 NOTE
r-patched-solaris-x86 1.0.0 90.90 NOTE
r-release-linux-x86_64 1.0.0 4.72 40.39 45.11 OK
r-release-windows-ix86+x86_64 1.0.0 12.00 99.00 111.00 OK
r-release-osx-x86_64 1.0.0 NOTE
r-oldrel-windows-ix86+x86_64 1.0.0 11.00 89.00 100.00 OK
r-oldrel-osx-x86_64 1.0.0 NOTE

Check Details

Version: 1.0.0
Check: for non-standard things in the check directory
Result: NOTE
    Found the following files/directories:
     'GGplots.pdf' 'Heatmap.pdf'
Flavors: r-devel-linux-x86_64-debian-clang, r-devel-linux-x86_64-debian-gcc, r-devel-linux-x86_64-fedora-clang, r-devel-linux-x86_64-fedora-gcc, r-patched-linux-x86_64, r-patched-solaris-x86

Version: 1.0.0
Check: dependencies in R code
Result: NOTE
    Namespaces in Imports field not imported from:
     ‘MASS’ ‘cluster’ ‘dendextend’ ‘npmv’ ‘utils’
     All declared Imports should be used.
Flavors: r-devel-linux-x86_64-fedora-clang, r-devel-linux-x86_64-fedora-gcc, r-patched-solaris-x86, r-release-osx-x86_64, r-oldrel-osx-x86_64