CRAN Package Check Results for Package MetricsWeighted

Last updated on 2024-06-13 03:49:25 CEST.

Flavor Version Tinstall Tcheck Ttotal Status Flags
r-devel-linux-x86_64-debian-clang 1.0.3 2.46 36.62 39.08 OK
r-devel-linux-x86_64-debian-gcc 1.0.3 2.19 24.72 26.91 ERROR
r-devel-linux-x86_64-fedora-clang 1.0.3 49.94 OK
r-devel-linux-x86_64-fedora-gcc 1.0.3 59.39 OK
r-devel-windows-x86_64 1.0.3 3.00 58.00 61.00 OK
r-patched-linux-x86_64 1.0.3 3.33 34.51 37.84 OK
r-release-linux-x86_64 1.0.3 2.11 35.56 37.67 OK
r-release-macos-arm64 1.0.3 26.00 OK
r-release-macos-x86_64 1.0.3 39.00 OK
r-release-windows-x86_64 1.0.3 4.00 60.00 64.00 OK
r-oldrel-macos-arm64 1.0.3 26.00 OK
r-oldrel-macos-x86_64 1.0.3 98.00 OK
r-oldrel-windows-x86_64 1.0.3 4.00 51.00 55.00 OK

Check Details

Version: 1.0.3
Check: package dependencies
Result: NOTE Package suggested but not available for checking: ‘testthat’ Flavor: r-devel-linux-x86_64-debian-gcc

Version: 1.0.3
Check: tests
Result: ERROR Running ‘testthat.R’ [0s/0s] Running the tests in ‘tests/testthat.R’ failed. Complete output: > library(testthat) Error in library(testthat) : there is no package called 'testthat' Execution halted Flavor: r-devel-linux-x86_64-debian-gcc