Last updated on 2024-04-24 02:53:05 CEST.
Flavor | Version | Tinstall | Tcheck | Ttotal | Status | Flags |
---|---|---|---|---|---|---|
r-devel-linux-x86_64-debian-clang | 1.30.0 | 7.03 | 98.90 | 105.93 | NOTE | |
r-devel-linux-x86_64-debian-gcc | 1.30.0 | 6.33 | 73.54 | 79.87 | NOTE | |
r-devel-linux-x86_64-fedora-clang | 1.30.0 | 130.74 | NOTE | |||
r-devel-linux-x86_64-fedora-gcc | 1.30.0 | 134.79 | NOTE | |||
r-prerel-macos-arm64 | 1.30.0 | 44.00 | NOTE | |||
r-prerel-windows-x86_64 | 1.30.0 | 7.00 | 102.00 | 109.00 | NOTE | |
r-patched-linux-x86_64 | 1.30.0 | 11.00 | 95.07 | 106.07 | NOTE | |
r-release-linux-x86_64 | 1.30.0 | 5.12 | 92.27 | 97.39 | NOTE | |
r-release-macos-arm64 | 1.30.0 | 47.00 | NOTE | |||
r-release-macos-x86_64 | 1.30.0 | 65.00 | NOTE | |||
r-release-windows-x86_64 | 1.30.0 | 10.00 | 122.00 | 132.00 | NOTE | |
r-oldrel-macos-arm64 | 1.30.0 | 47.00 | OK | |||
r-oldrel-windows-x86_64 | 1.30.0 | 8.00 | 108.00 | 116.00 | OK |
Version: 1.30.0
Check: Rd files
Result: NOTE
checkRd: (-1) cardiac.Rd:15: Escaped LaTeX specials: \&
checkRd: (-1) plvol.Rd:14: Escaped LaTeX specials: \&
checkRd: (-1) sbp.Rd:16: Escaped LaTeX specials: \&
Flavors: r-devel-linux-x86_64-debian-clang, r-devel-linux-x86_64-debian-gcc, r-devel-linux-x86_64-fedora-clang, r-devel-linux-x86_64-fedora-gcc, r-prerel-macos-arm64, r-prerel-windows-x86_64, r-patched-linux-x86_64, r-release-linux-x86_64, r-release-macos-arm64, r-release-macos-x86_64, r-release-windows-x86_64
Version: 1.30.0
Check: HTML version of manual
Result: NOTE
Found the following HTML validation problems:
BA.est.html:149:32 (BA.est.Rd:121): Warning: trimming empty <code>
Flavors: r-devel-linux-x86_64-debian-clang, r-devel-linux-x86_64-debian-gcc, r-devel-linux-x86_64-fedora-clang, r-devel-linux-x86_64-fedora-gcc, r-prerel-windows-x86_64, r-patched-linux-x86_64
Version: 1.30.0
Check: Rd cross-references
Result: NOTE
Undeclared package ‘R2WinBUGS’ in Rd xrefs
Flavor: r-devel-linux-x86_64-fedora-clang