Last updated on 2022-06-26 12:54:51 CEST.
Flavor | Version | Tinstall | Tcheck | Ttotal | Status | Flags |
---|---|---|---|---|---|---|
r-devel-linux-x86_64-debian-clang | 2.0.0 | 6.95 | 59.75 | 66.70 | OK | |
r-devel-linux-x86_64-debian-gcc | 2.0.0 | 4.88 | 44.36 | 49.24 | OK | |
r-devel-linux-x86_64-fedora-clang | 2.0.0 | 93.07 | WARN | |||
r-devel-linux-x86_64-fedora-gcc | 2.0.0 | 85.38 | WARN | |||
r-devel-windows-x86_64 | 2.0.0 | 18.00 | 81.00 | 99.00 | OK | |
r-patched-linux-x86_64 | 2.0.0 | 6.47 | 55.76 | 62.23 | OK | |
r-release-linux-x86_64 | 2.0.0 | 4.24 | 56.50 | 60.74 | OK | |
r-release-macos-arm64 | 2.0.0 | 27.00 | OK | |||
r-release-macos-x86_64 | 2.0.0 | 44.00 | OK | |||
r-release-windows-x86_64 | 2.0.0 | 16.00 | 82.00 | 98.00 | OK | |
r-oldrel-macos-arm64 | 2.0.0 | 31.00 | OK | |||
r-oldrel-macos-x86_64 | 2.0.0 | 36.00 | OK | |||
r-oldrel-windows-ix86+x86_64 | 2.0.0 | 16.00 | 79.00 | 95.00 | OK |
Version: 2.0.0
Check: package dependencies
Result: WARN
Requires (indirectly) orphaned package: ‘gtools’
Flavors: r-devel-linux-x86_64-fedora-clang, r-devel-linux-x86_64-fedora-gcc