CRAN Package Check Results for Package MazamaSpatialPlots

Last updated on 2021-11-30 12:53:37 CET.

Flavor Version Tinstall Tcheck Ttotal Status Flags
r-devel-linux-x86_64-debian-clang 0.1.2 27.48 298.97 326.45 OK
r-devel-linux-x86_64-debian-gcc 0.1.2 24.81 222.19 247.00 OK
r-devel-linux-x86_64-fedora-clang 0.1.2 423.44 NOTE
r-devel-linux-x86_64-fedora-gcc 0.1.2 406.72 NOTE
r-devel-windows-x86_64-new-UL 0.1.2 51.00 383.00 434.00 OK
r-devel-windows-x86_64-new-TK 0.1.2 NOTE
r-devel-windows-x86_64-old 0.1.2 48.00 276.00 324.00 OK
r-patched-linux-x86_64 0.1.2 29.13 286.79 315.92 OK
r-patched-solaris-x86 0.1.2 495.90 NOTE
r-release-linux-x86_64 0.1.2 29.22 290.31 319.53 OK
r-release-macos-arm64 0.1.2 NOTE
r-release-macos-x86_64 0.1.2 NOTE
r-release-windows-ix86+x86_64 0.1.2 85.00 396.00 481.00 OK
r-oldrel-macos-x86_64 0.1.2 NOTE
r-oldrel-windows-ix86+x86_64 0.1.2 56.00 258.00 314.00 OK

Check Details

Version: 0.1.2
Check: dependencies in R code
Result: NOTE
    Namespace in Imports field not imported from: ‘sf’
     All declared Imports should be used.
Flavors: r-devel-linux-x86_64-fedora-clang, r-devel-linux-x86_64-fedora-gcc, r-devel-windows-x86_64-new-TK, r-patched-solaris-x86, r-release-macos-arm64, r-release-macos-x86_64, r-oldrel-macos-x86_64

Version: 0.1.2
Check: data for non-ASCII characters
Result: NOTE
     Note: found 18 marked UTF-8 strings
Flavors: r-devel-linux-x86_64-fedora-clang, r-devel-linux-x86_64-fedora-gcc, r-devel-windows-x86_64-new-TK, r-patched-solaris-x86, r-release-macos-arm64, r-release-macos-x86_64, r-oldrel-macos-x86_64