CRAN Package Check Results for Package MaxentVariableSelection

Last updated on 2024-05-18 21:27:24 CEST.

Flavor Version Tinstall Tcheck Ttotal Status Flags
r-devel-linux-x86_64-debian-clang 1.0-3 2.13 41.81 43.94 NOTE
r-devel-linux-x86_64-debian-gcc 1.0-3 2.43 31.58 34.01 NOTE
r-devel-linux-x86_64-fedora-clang 1.0-3 57.32 NOTE
r-devel-linux-x86_64-fedora-gcc 1.0-3 80.93 NOTE
r-devel-windows-x86_64 1.0-3 4.00 52.00 56.00 NOTE
r-patched-linux-x86_64 1.0-3 3.02 40.29 43.31 NOTE
r-release-linux-x86_64 1.0-3 3.37 40.74 44.11 NOTE
r-release-macos-arm64 1.0-3 27.00 NOTE
r-release-windows-x86_64 1.0-3 4.00 52.00 56.00 NOTE
r-oldrel-macos-arm64 1.0-3 29.00 NOTE
r-oldrel-macos-x86_64 1.0-3 40.00 NOTE
r-oldrel-windows-x86_64 1.0-3 5.00 58.00 63.00 NOTE

Additional issues

donttest

Check Details

Version: 1.0-3
Check: Rd files
Result: NOTE checkRd: (-1) MaxentVariableSelection-package.Rd:46: Lost braces; missing escapes or markup? 46 | \tab Tyberghein L, Verbruggen H, Pauly K, Troupin C, Mineur F and {De Clerck}, O (2012)\cr | ^ Flavors: r-devel-linux-x86_64-debian-clang, r-devel-linux-x86_64-debian-gcc, r-devel-linux-x86_64-fedora-clang, r-devel-linux-x86_64-fedora-gcc, r-devel-windows-x86_64, r-patched-linux-x86_64, r-release-linux-x86_64, r-release-macos-arm64, r-release-windows-x86_64

Version: 1.0-3
Check: LazyData
Result: NOTE 'LazyData' is specified without a 'data' directory Flavors: r-devel-linux-x86_64-debian-clang, r-devel-linux-x86_64-debian-gcc, r-devel-linux-x86_64-fedora-clang, r-devel-linux-x86_64-fedora-gcc, r-devel-windows-x86_64, r-patched-linux-x86_64, r-release-linux-x86_64, r-release-macos-arm64, r-release-windows-x86_64, r-oldrel-macos-arm64, r-oldrel-macos-x86_64, r-oldrel-windows-x86_64