CRAN Package Check Results for Package MatrixExtra

Last updated on 2022-12-05 11:51:43 CET.

Flavor Version Tinstall Tcheck Ttotal Status Flags
r-devel-linux-x86_64-debian-clang 0.1.13 159.27 214.03 373.30 OK
r-devel-linux-x86_64-debian-gcc 0.1.13 128.69 161.69 290.38 OK
r-devel-linux-x86_64-fedora-clang 0.1.13 516.31 OK
r-devel-linux-x86_64-fedora-gcc 0.1.13 501.79 OK
r-devel-windows-x86_64 0.1.13 176.00 264.00 440.00 OK
r-patched-linux-x86_64 0.1.13 135.71 200.83 336.54 OK
r-release-linux-x86_64 0.1.13 145.89 201.70 347.59 OK
r-release-macos-arm64 0.1.13 113.00 NOTE
r-release-macos-x86_64 0.1.13 156.00 NOTE
r-release-windows-x86_64 0.1.13 245.00 265.00 510.00 OK
r-oldrel-macos-arm64 0.1.13 103.00 NOTE
r-oldrel-macos-x86_64 0.1.13 149.00 NOTE
r-oldrel-windows-ix86+x86_64 0.1.13 185.00 253.00 438.00 OK

Check Details

Version: 0.1.13
Check: installed package size
Result: NOTE
     installed size is 11.4Mb
     sub-directories of 1Mb or more:
     R 2.1Mb
     libs 9.1Mb
Flavors: r-release-macos-arm64, r-release-macos-x86_64, r-oldrel-macos-arm64, r-oldrel-macos-x86_64