Last updated on 2023-05-29 11:56:58 CEST.
Flavor | Version | Tinstall | Tcheck | Ttotal | Status | Flags |
---|---|---|---|---|---|---|
r-devel-linux-x86_64-debian-clang | 1.5-4.1 | 232.44 | 424.02 | 656.46 | OK | |
r-devel-linux-x86_64-debian-gcc | 1.5-4.1 | 195.55 | 320.36 | 515.91 | OK | |
r-devel-linux-x86_64-fedora-clang | 1.5-4.1 | 692.98 | OK | |||
r-devel-linux-x86_64-fedora-gcc | 1.5-4.1 | 904.29 | WARN | |||
r-devel-windows-x86_64 | 1.5-4.1 | 208.00 | 449.00 | 657.00 | OK | |
r-patched-linux-x86_64 | 1.5-4.1 | 212.18 | 405.06 | 617.24 | OK | |
r-release-linux-x86_64 | 1.5-4.1 | 202.81 | 402.64 | 605.45 | OK | |
r-release-macos-arm64 | 1.5-4.1 | 241.00 | OK | |||
r-release-macos-x86_64 | 1.5-4 | 467.00 | OK | |||
r-release-windows-x86_64 | 1.5-4.1 | 273.00 | 541.00 | 814.00 | OK | |
r-oldrel-macos-arm64 | 1.5-4.1 | 229.00 | OK | |||
r-oldrel-macos-x86_64 | 1.5-4.1 | 285.00 | OK | |||
r-oldrel-windows-x86_64 | 1.5-4.1 | 259.00 | 489.00 | 748.00 | OK |
Version: 1.5-4.1
Check: Rd cross-references
Result: WARN
Missing link or links in documentation object 'wrld_1deg.Rd':
‘[maptools]{Rgshhs}’
See section 'Cross-references' in the 'Writing R Extensions' manual.
Flavor: r-devel-linux-x86_64-fedora-gcc